{"id":8,"date":"2020-10-06T18:20:22","date_gmt":"2020-10-06T18:20:22","guid":{"rendered":"https:\/\/admisiones.ufm.edu\/foroemprendedores\/?page_id=8"},"modified":"2020-10-12T21:51:40","modified_gmt":"2020-10-12T21:51:40","slug":"registrate","status":"publish","type":"page","link":"https:\/\/admisiones.ufm.edu\/foroemprendedores\/","title":{"rendered":"Reg\u00edstrate"},"content":{"rendered":"\n\tAtr\u00e9vete a equivocarte,<br \/>\na confundirte, a fallar\n<h3>\n\t\tFORO EMPRENDEDORES\n\t<\/h3>\n\t<iframe allowfullscreen allow=\"autoplay\" src=\"https:\/\/www.youtube.com\/embed\/sxcnZdiV5Yo?feature=oembed&amp;start&amp;end&amp;wmode=opaque&amp;loop=0&amp;controls=1&amp;mute=0&amp;rel=0&amp;modestbranding=0\"><\/iframe>\t\n\t<h3>\n\t\t<\/h3>\n\t\n\t\t\n<form action=\"\/foroemprendedores\/?fl_builder#wpcf7-f5-o1\" method=\"post\" novalidate=\"novalidate\">\n<input type=\"hidden\" name=\"_wpcf7\" value=\"5\" \/>\n<input type=\"hidden\" name=\"_wpcf7_version\" value=\"5.2.2\" \/>\n<input type=\"hidden\" name=\"_wpcf7_locale\" value=\"en_US\" \/>\n<input type=\"hidden\" name=\"_wpcf7_unit_tag\" value=\"wpcf7-f5-o1\" \/>\n<input type=\"hidden\" name=\"_wpcf7_container_post\" value=\"0\" \/>\n<input type=\"hidden\" name=\"_wpcf7_posted_data_hash\" value=\"\" \/>\n<input type=\"hidden\" name=\"_wpnonce\" value=\"852a7119c1\" \/>\n<input type=\"hidden\" name=\"_ifwp_uniqid\" value=\"5f84cfecd4d4c\" \/>\n  <input type=\"text\" name=\"nombres\" value=\"\" size=\"40\" aria-required=\"true\" aria-invalid=\"false\" placeholder=\"Nombres:\" \/>\n  <input type=\"text\" name=\"apellidos\" value=\"\" size=\"40\" aria-required=\"true\" aria-invalid=\"false\" placeholder=\"Apellidos:\" \/>\n  <input type=\"email\" name=\"correo\" value=\"\" size=\"40\" aria-required=\"true\" aria-invalid=\"false\" placeholder=\"Correo electr\u00f3nico:\" \/>\n  <input type=\"tel\" name=\"tel\" value=\"\" size=\"40\" aria-required=\"true\" aria-invalid=\"false\" placeholder=\"Tel\u00e9fono:\" \/>\n  <input type=\"text\" name=\"colegio\" value=\"\" size=\"40\" aria-required=\"true\" aria-invalid=\"false\" placeholder=\"Colegio:\" \/>\n   <input type=\"number\" name=\"anio-graduacion\" value=\"\" aria-required=\"true\" aria-invalid=\"false\" placeholder=\"A\u00f1o de graduaci\u00f3n:\" \/>\n  <label class = \"color-azul\">Carrera de inter\u00e9s: <\/label><br>\n  <select name=\"carrera-interes\" aria-required=\"true\" aria-invalid=\"false\"><option value=\"\">&#8212;<\/option><option value=\"Licenciatura en Administraci\u00f3n de Empresas - MADRID\">Licenciatura en Administraci\u00f3n de Empresas &#8211; MADRID<\/option><option value=\"Licenciatura en Entrepreneurship - MADRID\">Licenciatura en Entrepreneurship &#8211; MADRID<\/option><option value=\"Educaci\u00f3n y Emprendimiento\">Educaci\u00f3n y Emprendimiento<\/option><option value=\"Lengua y Literatura\">Lengua y Literatura<\/option><option value=\"Profesorado en Lenguaje y Ciencias Sociales\">Profesorado en Lenguaje y Ciencias Sociales<\/option><option value=\"Psicolog\u00eda Empresarial\">Psicolog\u00eda Empresarial<\/option><option value=\"Psicolog\u00eda Cl\u00ednica\">Psicolog\u00eda Cl\u00ednica<\/option><option value=\"Licenciatura Cine, Artes Visuales y Emprendimiento\">Licenciatura Cine, Artes Visuales y Emprendimiento<\/option><option value=\"Gastronom\u00eda Nutricional y Empresarialidad\">Gastronom\u00eda Nutricional y Empresarialidad<\/option><option value=\"Nutrici\u00f3n Cl\u00ednica\">Nutrici\u00f3n Cl\u00ednica<\/option><option value=\"Arquitectura\">Arquitectura<\/option><option value=\"Dise\u00f1o Digital Interactivo\">Dise\u00f1o Digital Interactivo<\/option><option value=\"Dise\u00f1o de Producto\">Dise\u00f1o de Producto<\/option><option value=\"Dise\u00f1o de interiores\">Dise\u00f1o de interiores<\/option><option value=\"Ingenier\u00eda Computer Science\">Ingenier\u00eda Computer Science<\/option><option value=\"Administraci\u00f3n de Empresas\">Administraci\u00f3n de Empresas<\/option><option value=\"Econom\u00eda\">Econom\u00eda<\/option><option value=\"Contadur\u00eda P\u00fablica y Auditor\u00eda CPA\">Contadur\u00eda P\u00fablica y Auditor\u00eda CPA<\/option><option value=\"Entrepreneurship\">Entrepreneurship<\/option><option value=\"Ingenier\u00eda Empresarial\">Ingenier\u00eda Empresarial <\/option><option value=\"Derecho\">Derecho<\/option><option value=\"Medicina\">Medicina<\/option><option value=\"Odontolog\u00eda\">Odontolog\u00eda<\/option><option value=\"Ciencias pol\u00edticas, Relaciones Internacionales y Periodismo\">Ciencias pol\u00edticas, Relaciones Internacionales y Periodismo <\/option><option value=\"Liberal Arts\">Liberal Arts<\/option><\/select>\n<p>* Exclusivo para estudiantes de colegio de tercero a quinto bachillerato<\/p>\n       <input type=\"submit\" value=\"ENVIAR\" \/>\n       <input type=\"hidden\" name=\"utm_campaign\" value=\"\" \/>\n       <input type=\"hidden\" name=\"utm_content\" value=\"\" \/>\n       <input type=\"hidden\" name=\"utm_medium\" value=\"\" \/>\n       <input type=\"hidden\" name=\"utm_source\" value=\"\" \/>\n       <input type=\"hidden\" name=\"utm_term\" value=\"\" \/>\n<\/form>\n","protected":false},"excerpt":{"rendered":"<p>Atr\u00e9vete a equivocarte, a confundirte, a fallar FORO EMPRENDEDORES Carrera de inter\u00e9s: &#8212;Licenciatura en Administraci\u00f3n de Empresas &#8211; MADRIDLicenciatura en Entrepreneurship &#8211; MADRIDEducaci\u00f3n y EmprendimientoLengua y LiteraturaProfesorado en Lenguaje y Ciencias SocialesPsicolog\u00eda EmpresarialPsicolog\u00eda Cl\u00ednicaLicenciatura Cine, Artes Visuales y EmprendimientoGastronom\u00eda Nutricional y EmpresarialidadNutrici\u00f3n Cl\u00ednicaArquitecturaDise\u00f1o Digital InteractivoDise\u00f1o de ProductoDise\u00f1o de interioresIngenier\u00eda Computer ScienceAdministraci\u00f3n de EmpresasEconom\u00edaContadur\u00eda P\u00fablica y&hellip;<\/p>\n","protected":false},"author":1,"featured_media":90,"parent":0,"menu_order":0,"comment_status":"closed","ping_status":"closed","template":"","meta":[],"yoast_head":"<!-- This site is optimized with the Yoast SEO plugin v15.0 - https:\/\/yoast.com\/wordpress\/plugins\/seo\/ -->\n<title>Reg\u00edstrate - Foro de emprendedores<\/title>\n<meta name=\"robots\" content=\"index, follow, max-snippet:-1, max-image-preview:large, max-video-preview:-1\" \/>\n<link rel=\"canonical\" href=\"https:\/\/admisiones.ufm.edu\/foroemprendedores\/\" \/>\n<meta property=\"og:locale\" content=\"en_US\" \/>\n<meta property=\"og:type\" content=\"article\" \/>\n<meta property=\"og:title\" content=\"Reg\u00edstrate - Foro de emprendedores\" \/>\n<meta property=\"og:description\" content=\"Atr\u00e9vete a equivocarte, a confundirte, a fallar FORO EMPRENDEDORES Carrera de inter\u00e9s: &#8212;Licenciatura en Administraci\u00f3n de Empresas &#8211; MADRIDLicenciatura en Entrepreneurship &#8211; MADRIDEducaci\u00f3n y EmprendimientoLengua y LiteraturaProfesorado en Lenguaje y Ciencias SocialesPsicolog\u00eda EmpresarialPsicolog\u00eda Cl\u00ednicaLicenciatura Cine, Artes Visuales y EmprendimientoGastronom\u00eda Nutricional y EmpresarialidadNutrici\u00f3n Cl\u00ednicaArquitecturaDise\u00f1o Digital InteractivoDise\u00f1o de ProductoDise\u00f1o de interioresIngenier\u00eda Computer ScienceAdministraci\u00f3n de EmpresasEconom\u00edaContadur\u00eda P\u00fablica y&hellip;\" \/>\n<meta property=\"og:url\" content=\"https:\/\/admisiones.ufm.edu\/foroemprendedores\/\" \/>\n<meta property=\"og:site_name\" content=\"Foro de emprendedores\" \/>\n<meta property=\"article:modified_time\" content=\"2020-10-12T21:51:40+00:00\" \/>\n<meta property=\"og:image\" content=\"https:\/\/admisiones.ufm.edu\/foroemprendedores\/wp-content\/uploads\/2020\/10\/01-AT-rojo-1_f.png\" \/>\n\t<meta property=\"og:image:width\" content=\"240\" \/>\n\t<meta property=\"og:image:height\" content=\"207\" \/>\n<meta name=\"twitter:card\" content=\"summary_large_image\" \/>\n<script type=\"application\/ld+json\" class=\"yoast-schema-graph\">{\"@context\":\"https:\/\/schema.org\",\"@graph\":[{\"@type\":\"WebSite\",\"@id\":\"https:\/\/admisiones.ufm.edu\/foroemprendedores\/#website\",\"url\":\"https:\/\/admisiones.ufm.edu\/foroemprendedores\/\",\"name\":\"Foro de emprendedores\",\"description\":\"Foro de emprendedores UFM \",\"potentialAction\":[{\"@type\":\"SearchAction\",\"target\":\"https:\/\/admisiones.ufm.edu\/foroemprendedores\/?s={search_term_string}\",\"query-input\":\"required name=search_term_string\"}],\"inLanguage\":\"en-US\"},{\"@type\":\"ImageObject\",\"@id\":\"https:\/\/admisiones.ufm.edu\/foroemprendedores\/#primaryimage\",\"inLanguage\":\"en-US\",\"url\":\"https:\/\/admisiones.ufm.edu\/foroemprendedores\/wp-content\/uploads\/2020\/10\/01-AT-rojo-1_f.png\",\"width\":240,\"height\":207},{\"@type\":\"WebPage\",\"@id\":\"https:\/\/admisiones.ufm.edu\/foroemprendedores\/#webpage\",\"url\":\"https:\/\/admisiones.ufm.edu\/foroemprendedores\/\",\"name\":\"Reg\\u00edstrate - Foro de emprendedores\",\"isPartOf\":{\"@id\":\"https:\/\/admisiones.ufm.edu\/foroemprendedores\/#website\"},\"primaryImageOfPage\":{\"@id\":\"https:\/\/admisiones.ufm.edu\/foroemprendedores\/#primaryimage\"},\"datePublished\":\"2020-10-06T18:20:22+00:00\",\"dateModified\":\"2020-10-12T21:51:40+00:00\",\"inLanguage\":\"en-US\",\"potentialAction\":[{\"@type\":\"ReadAction\",\"target\":[\"https:\/\/admisiones.ufm.edu\/foroemprendedores\/\"]}]}]}<\/script>\n<!-- \/ Yoast SEO plugin. -->","_links":{"self":[{"href":"https:\/\/admisiones.ufm.edu\/foroemprendedores\/wp-json\/wp\/v2\/pages\/8"}],"collection":[{"href":"https:\/\/admisiones.ufm.edu\/foroemprendedores\/wp-json\/wp\/v2\/pages"}],"about":[{"href":"https:\/\/admisiones.ufm.edu\/foroemprendedores\/wp-json\/wp\/v2\/types\/page"}],"author":[{"embeddable":true,"href":"https:\/\/admisiones.ufm.edu\/foroemprendedores\/wp-json\/wp\/v2\/users\/1"}],"replies":[{"embeddable":true,"href":"https:\/\/admisiones.ufm.edu\/foroemprendedores\/wp-json\/wp\/v2\/comments?post=8"}],"version-history":[{"count":45,"href":"https:\/\/admisiones.ufm.edu\/foroemprendedores\/wp-json\/wp\/v2\/pages\/8\/revisions"}],"predecessor-version":[{"id":346,"href":"https:\/\/admisiones.ufm.edu\/foroemprendedores\/wp-json\/wp\/v2\/pages\/8\/revisions\/346"}],"wp:featuredmedia":[{"embeddable":true,"href":"https:\/\/admisiones.ufm.edu\/foroemprendedores\/wp-json\/wp\/v2\/media\/90"}],"wp:attachment":[{"href":"https:\/\/admisiones.ufm.edu\/foroemprendedores\/wp-json\/wp\/v2\/media?parent=8"}],"curies":[{"name":"wp","href":"https:\/\/api.w.org\/{rel}","templated":true}]}}