{"id":1892,"date":"2022-10-19T17:09:56","date_gmt":"2022-10-19T17:09:56","guid":{"rendered":"https:\/\/admisiones.ufm.edu\/site\/?page_id=1892"},"modified":"2026-03-24T12:10:20","modified_gmt":"2026-03-24T18:10:20","slug":"vida-ufm","status":"publish","type":"page","link":"https:\/\/admisiones.ufm.edu\/site\/vida-ufm\/","title":{"rendered":"Vida UFM"},"content":{"rendered":"\n<h2>\n\t\tVIVE UFM\n\t<\/h2>\n\t<iframe allowfullscreen allow=\"autoplay\" src=\"https:\/\/www.youtube.com\/embed\/OtcnkSt1Ql0?feature=oembed&amp;start&amp;end&amp;wmode=opaque&amp;loop=0&amp;controls=1&amp;mute=0&amp;rel=0&amp;modestbranding=0\"><\/iframe>\t\n<p>Es un evento en el que tendr\u00e1s la oportunidad de conocer las carreras que ofrece la UFM. Podr\u00e1s participar en actividades propias de las carreras que m\u00e1s te interesen y vivir una experiencia que te ayudar\u00e1 a decidir qu\u00e9 carrera deseas estudiar. \u00a1Inscr\u00edbete para conocer m\u00e1s!<\/p>\n<p>Podr\u00e1s conocer el campus de la UFM, sus profesores y alumnos, quienes te contar\u00e1n m\u00e1s detalles sobre las clases que estar\u00e1s recibiendo en cada carrera y la experiencia que han tenido estudiando en la UFM.<\/p>\n<h3>\n\t\tPR\u00d3XIMO VIVE UFM JUEVES 6 DE AGOSTO DEL 2026\n\t<\/h3>\n\t\t\t<a href=\"https:\/\/admisiones.ufm.edu\/vivelaufm\/\" target=\"_blank\" role=\"button\" rel=\"noopener\">\n\t\t\t\t\t\t\tREG\u00cdSTRATE AQU\u00cd\n\t\t\t\t\t<\/a>\n<h2>\n\t\tClubs UFM\n\t<\/h2>\n\t<p>Siendo miembro de la UFM, eres parte de una gran comunidad que est\u00e1 constantemente organizando conferencias, debates, talleres, cine foros, actividades sociales y extracurriculares. Como parte de esta comunidad, puedes participar en todas las actividades extracurriculares que enriquecen la experiencia universitaria.<\/p>\n<p>Los Clubs UFM son iniciativas lideradas por estudiantes y catedr\u00e1ticos, que permiten hacer conexiones con miembros de otras facultades, involucrarse en temas que les interesan y desarrollar capacidades de liderazgo.<\/p>\n\t\t\t<a href=\"https:\/\/clubs.ufm.edu\/\" target=\"_blank\" role=\"button\" rel=\"noopener\">\n\t\t\t\t\t\t\tDESCUBRE M\u00c1S AQU\u00cd \n\t\t\t\t\t<\/a>\n\t\t\t\t<img loading=\"lazy\" decoding=\"async\" src=\"https:\/\/admisiones.ufm.edu\/site\/wp-content\/uploads\/2022\/12\/admisiones-clubs-scaled.jpg\" alt=\"admisiones-clubs\" itemprop=\"image\" height=\"1707\" width=\"2560\" title=\"admisiones-clubs\" onerror=\"this.style.display='none'\"  \/>\n<h2>\n\t\tExperiencias Internacionales\n\t<\/h2>\n\t<p>El mundo cambia cuando tu sal\u00f3n de clases es el mundo.<\/p>\n\t\t\t\t\t\t\t\t<!-- navigation arrows -->\n\t\t\t<button aria-label=\"Previous slide\" role=\"button\" tabindex=\"0\">\n\t\t\t<\/button>\n\t\t\t<button aria-label=\"Next slide\" role=\"button\" tabindex=\"0\">\n\t\t\t<\/button>\n\t\t\t\t\t\t<!-- pagination -->\n\tAmpl\u00eda tus conocimientos, desarrolla cada uno de tus talentos y habilidades.<br \/>\nLa UFM se caracteriza por brindar a sus estudiantes la oportunidad de conocer lugares e instituciones a nivel mundial, podr\u00e1s vivir toda la experiencia internacional de diferentes formas:\n<ul>\n<li><strong>Intercambios:<\/strong> durante un semestre, tendr\u00e1s la oportunidad de estudiar cursos en UFM Madrid o una instituci\u00f3n en el extranjero que sea de tu inter\u00e9s.<\/li>\n<li><strong>Cursos de verano o cursos libres:<\/strong> tendr\u00e1s la oportunidad de estudiar cursos durante un verano en UFM Madrid o una instituci\u00f3n en el extranjero. Duraci\u00f3n de uno a dos meses.<\/li>\n<li><strong><i>Study trips<\/i><\/strong><strong>:<\/strong> durante estos viajes tendr\u00e1s la oportunidad de conocer lugares e instituciones a nivel mundial, y distintas industrias que marcar\u00e1n la diferencia.<\/li>\n<\/ul>\n\t\t\t\t<a\n\t\t\thref=\"https:\/\/admisiones.ufm.edu\/site\/wp-content\/uploads\/2026\/03\/IMG_20191216_094037-1024x484.jpg\"\n\t\t\t\t\t\tdata-fancybox=\"images\" \n\t\t\ttitle=\"UFM Experiencias Internacionales Madrid Viajes\" \n\t\t\t\t\t\tdata-caption=\"\"\n\t\t\t\t\t\tdata-description=\"\" \n\t\t\titemprop=\"contentUrl\">\n\t\t\t<img loading=\"lazy\" decoding=\"async\" src=\"https:\/\/admisiones.ufm.edu\/site\/wp-content\/uploads\/2026\/03\/IMG_20191216_094037-1024x484.jpg\" alt=\"\" data-no-lazy=\"1\" itemprop=\"thumbnail\" width=\"1024\" height=\"484\" \/>\n\t\t\t<!-- Overlay Wrapper -->\n\t\t\t <!-- Overlay Wrapper Closed -->\n\t\t\t\t<\/a>\n\t\t\t\t\t\t\t<meta itemprop=\"width\" content=\"1024\" \/>\n\t\t\t<meta itemprop=\"height\" content=\"484\" \/>\n\t\t\t\t<a\n\t\t\thref=\"https:\/\/admisiones.ufm.edu\/site\/wp-content\/uploads\/2026\/03\/UFM-Experiencias-Internacionales-Berlin-Viajes-1024x683.jpg\"\n\t\t\t\t\t\tdata-fancybox=\"images\" \n\t\t\ttitle=\"UFM Experiencias Internacionales Berlin Viajes\" \n\t\t\t\t\t\tdata-caption=\"\"\n\t\t\t\t\t\tdata-description=\"\" \n\t\t\titemprop=\"contentUrl\">\n\t\t\t<img loading=\"lazy\" decoding=\"async\" src=\"https:\/\/admisiones.ufm.edu\/site\/wp-content\/uploads\/2026\/03\/UFM-Experiencias-Internacionales-Berlin-Viajes-1024x683.jpg\" alt=\"\" data-no-lazy=\"1\" itemprop=\"thumbnail\" width=\"1024\" height=\"683\" \/>\n\t\t\t<!-- Overlay Wrapper -->\n\t\t\t <!-- Overlay Wrapper Closed -->\n\t\t\t\t<\/a>\n\t\t\t\t\t\t\t<meta itemprop=\"width\" content=\"1024\" \/>\n\t\t\t<meta itemprop=\"height\" content=\"683\" \/>\n\t\t\t\t<a\n\t\t\thref=\"https:\/\/admisiones.ufm.edu\/site\/wp-content\/uploads\/2026\/03\/UFM-Experiencias-Internacionales-Chile-Viajes.jpg.jpeg\"\n\t\t\t\t\t\tdata-fancybox=\"images\" \n\t\t\ttitle=\"UFM Experiencias Internacionales Chile Viajes.jpg\" \n\t\t\t\t\t\tdata-caption=\"\"\n\t\t\t\t\t\tdata-description=\"\" \n\t\t\titemprop=\"contentUrl\">\n\t\t\t<img loading=\"lazy\" decoding=\"async\" src=\"https:\/\/admisiones.ufm.edu\/site\/wp-content\/uploads\/2026\/03\/UFM-Experiencias-Internacionales-Chile-Viajes.jpg.jpeg\" alt=\"\" data-no-lazy=\"1\" itemprop=\"thumbnail\" width=\"1024\" height=\"768\" \/>\n\t\t\t<!-- Overlay Wrapper -->\n\t\t\t <!-- Overlay Wrapper Closed -->\n\t\t\t\t<\/a>\n\t\t\t\t\t\t\t<meta itemprop=\"width\" content=\"1024\" \/>\n\t\t\t<meta itemprop=\"height\" content=\"768\" \/>\n\t\t\t\t<a\n\t\t\thref=\"https:\/\/admisiones.ufm.edu\/site\/wp-content\/uploads\/2026\/03\/UFM-Experiencias-Internacionales-Japon-Viajes-1024x768.jpg\"\n\t\t\t\t\t\tdata-fancybox=\"images\" \n\t\t\ttitle=\"UFM Experiencias Internacionales Jap\u00f3n Viajes\" \n\t\t\t\t\t\tdata-caption=\"\"\n\t\t\t\t\t\tdata-description=\"\" \n\t\t\titemprop=\"contentUrl\">\n\t\t\t<img loading=\"lazy\" decoding=\"async\" src=\"https:\/\/admisiones.ufm.edu\/site\/wp-content\/uploads\/2026\/03\/UFM-Experiencias-Internacionales-Japon-Viajes-1024x768.jpg\" alt=\"\" data-no-lazy=\"1\" itemprop=\"thumbnail\" width=\"1024\" height=\"768\" \/>\n\t\t\t<!-- Overlay Wrapper -->\n\t\t\t <!-- Overlay Wrapper Closed -->\n\t\t\t\t<\/a>\n\t\t\t\t\t\t\t<meta itemprop=\"width\" content=\"1024\" \/>\n\t\t\t<meta itemprop=\"height\" content=\"768\" \/>\n\t\t\t\t<a\n\t\t\thref=\"https:\/\/admisiones.ufm.edu\/site\/wp-content\/uploads\/2026\/03\/SALON-DE-CLASES-2-1024x1024.jpg\"\n\t\t\t\t\t\tdata-fancybox=\"images\" \n\t\t\ttitle=\"UFM Experiencias Internacionales Viajes\" \n\t\t\t\t\t\tdata-caption=\"\"\n\t\t\t\t\t\tdata-description=\"\" \n\t\t\titemprop=\"contentUrl\">\n\t\t\t<img loading=\"lazy\" decoding=\"async\" src=\"https:\/\/admisiones.ufm.edu\/site\/wp-content\/uploads\/2026\/03\/SALON-DE-CLASES-2-1024x1024.jpg\" alt=\"\" data-no-lazy=\"1\" itemprop=\"thumbnail\" width=\"1024\" height=\"1024\" \/>\n\t\t\t<!-- Overlay Wrapper -->\n\t\t\t <!-- Overlay Wrapper Closed -->\n\t\t\t\t<\/a>\n\t\t\t\t\t\t\t<meta itemprop=\"width\" content=\"1024\" \/>\n\t\t\t<meta itemprop=\"height\" content=\"1024\" \/>\n\t\t\t\t<a\n\t\t\thref=\"https:\/\/admisiones.ufm.edu\/site\/wp-content\/uploads\/2026\/03\/SALON-DE-CLASES-3-1024x683.jpg\"\n\t\t\t\t\t\tdata-fancybox=\"images\" \n\t\t\ttitle=\"UFM Experiencias Internacionales Madrid Viajes\" \n\t\t\t\t\t\tdata-caption=\"\"\n\t\t\t\t\t\tdata-description=\"\" \n\t\t\titemprop=\"contentUrl\">\n\t\t\t<img loading=\"lazy\" decoding=\"async\" src=\"https:\/\/admisiones.ufm.edu\/site\/wp-content\/uploads\/2026\/03\/SALON-DE-CLASES-3-1024x683.jpg\" alt=\"\" data-no-lazy=\"1\" itemprop=\"thumbnail\" width=\"1024\" height=\"683\" \/>\n\t\t\t<!-- Overlay Wrapper -->\n\t\t\t <!-- Overlay Wrapper Closed -->\n\t\t\t\t<\/a>\n\t\t\t\t\t\t\t<meta itemprop=\"width\" content=\"1024\" \/>\n\t\t\t<meta itemprop=\"height\" content=\"683\" \/>\n\t\n","protected":false},"excerpt":{"rendered":"<p>VIVE UFM Es un evento en el que tendr\u00e1s la oportunidad de conocer las carreras que ofrece la UFM. Podr\u00e1s participar en actividades propias de las carreras que m\u00e1s te interesen y vivir una experiencia que te ayudar\u00e1 a decidir qu\u00e9 carrera deseas estudiar. \u00a1Inscr\u00edbete para conocer m\u00e1s! Podr\u00e1s conocer el campus de la UFM,&hellip;<\/p>\n","protected":false},"author":1,"featured_media":0,"parent":0,"menu_order":0,"comment_status":"closed","ping_status":"closed","template":"","meta":{"footnotes":""},"class_list":["post-1892","page","type-page","status-publish","hentry"],"yoast_head":"<!-- This site is optimized with the Yoast SEO plugin v19.11 - https:\/\/yoast.com\/wordpress\/plugins\/seo\/ -->\n<title>Vida UFM - Admisiones<\/title>\n<meta name=\"robots\" content=\"index, follow, max-snippet:-1, max-image-preview:large, max-video-preview:-1\" \/>\n<link rel=\"canonical\" href=\"https:\/\/admisiones.ufm.edu\/site\/vida-ufm\/\" \/>\n<meta property=\"og:locale\" content=\"es_ES\" \/>\n<meta property=\"og:type\" content=\"article\" \/>\n<meta property=\"og:title\" content=\"Vida UFM - Admisiones\" \/>\n<meta property=\"og:description\" content=\"VIVE UFM Es un evento en el que tendr\u00e1s la oportunidad de conocer las carreras que ofrece la UFM. Podr\u00e1s participar en actividades propias de las carreras que m\u00e1s te interesen y vivir una experiencia que te ayudar\u00e1 a decidir qu\u00e9 carrera deseas estudiar. \u00a1Inscr\u00edbete para conocer m\u00e1s! Podr\u00e1s conocer el campus de la UFM,&hellip;\" \/>\n<meta property=\"og:url\" content=\"https:\/\/admisiones.ufm.edu\/site\/vida-ufm\/\" \/>\n<meta property=\"og:site_name\" content=\"Admisiones\" \/>\n<meta property=\"article:modified_time\" content=\"2026-03-24T18:10:20+00:00\" \/>\n<meta property=\"og:image\" content=\"https:\/\/admisiones.ufm.edu\/site\/wp-content\/uploads\/2022\/12\/admisiones-clubs-scaled.jpg\" \/>\n<meta name=\"twitter:card\" content=\"summary_large_image\" \/>\n<script type=\"application\/ld+json\" class=\"yoast-schema-graph\">{\"@context\":\"https:\/\/schema.org\",\"@graph\":[{\"@type\":\"WebPage\",\"@id\":\"https:\/\/admisiones.ufm.edu\/site\/vida-ufm\/\",\"url\":\"https:\/\/admisiones.ufm.edu\/site\/vida-ufm\/\",\"name\":\"Vida UFM - Admisiones\",\"isPartOf\":{\"@id\":\"https:\/\/admisiones.ufm.edu\/site\/#website\"},\"datePublished\":\"2022-10-19T17:09:56+00:00\",\"dateModified\":\"2026-03-24T18:10:20+00:00\",\"breadcrumb\":{\"@id\":\"https:\/\/admisiones.ufm.edu\/site\/vida-ufm\/#breadcrumb\"},\"inLanguage\":\"es\",\"potentialAction\":[{\"@type\":\"ReadAction\",\"target\":[\"https:\/\/admisiones.ufm.edu\/site\/vida-ufm\/\"]}]},{\"@type\":\"BreadcrumbList\",\"@id\":\"https:\/\/admisiones.ufm.edu\/site\/vida-ufm\/#breadcrumb\",\"itemListElement\":[{\"@type\":\"ListItem\",\"position\":1,\"name\":\"Home\",\"item\":\"https:\/\/admisiones.ufm.edu\/site\/\"},{\"@type\":\"ListItem\",\"position\":2,\"name\":\"Vida UFM\"}]},{\"@type\":\"WebSite\",\"@id\":\"https:\/\/admisiones.ufm.edu\/site\/#website\",\"url\":\"https:\/\/admisiones.ufm.edu\/site\/\",\"name\":\"Admisiones\",\"description\":\"Universidad Francisco Marroqu\u00edn\",\"potentialAction\":[{\"@type\":\"SearchAction\",\"target\":{\"@type\":\"EntryPoint\",\"urlTemplate\":\"https:\/\/admisiones.ufm.edu\/site\/?s={search_term_string}\"},\"query-input\":\"required name=search_term_string\"}],\"inLanguage\":\"es\"}]}<\/script>\n<!-- \/ Yoast SEO plugin. -->","yoast_head_json":{"title":"Vida UFM - Admisiones","robots":{"index":"index","follow":"follow","max-snippet":"max-snippet:-1","max-image-preview":"max-image-preview:large","max-video-preview":"max-video-preview:-1"},"canonical":"https:\/\/admisiones.ufm.edu\/site\/vida-ufm\/","og_locale":"es_ES","og_type":"article","og_title":"Vida UFM - Admisiones","og_description":"VIVE UFM Es un evento en el que tendr\u00e1s la oportunidad de conocer las carreras que ofrece la UFM. Podr\u00e1s participar en actividades propias de las carreras que m\u00e1s te interesen y vivir una experiencia que te ayudar\u00e1 a decidir qu\u00e9 carrera deseas estudiar. \u00a1Inscr\u00edbete para conocer m\u00e1s! Podr\u00e1s conocer el campus de la UFM,&hellip;","og_url":"https:\/\/admisiones.ufm.edu\/site\/vida-ufm\/","og_site_name":"Admisiones","article_modified_time":"2026-03-24T18:10:20+00:00","og_image":[{"url":"https:\/\/admisiones.ufm.edu\/site\/wp-content\/uploads\/2022\/12\/admisiones-clubs-scaled.jpg"}],"twitter_card":"summary_large_image","schema":{"@context":"https:\/\/schema.org","@graph":[{"@type":"WebPage","@id":"https:\/\/admisiones.ufm.edu\/site\/vida-ufm\/","url":"https:\/\/admisiones.ufm.edu\/site\/vida-ufm\/","name":"Vida UFM - Admisiones","isPartOf":{"@id":"https:\/\/admisiones.ufm.edu\/site\/#website"},"datePublished":"2022-10-19T17:09:56+00:00","dateModified":"2026-03-24T18:10:20+00:00","breadcrumb":{"@id":"https:\/\/admisiones.ufm.edu\/site\/vida-ufm\/#breadcrumb"},"inLanguage":"es","potentialAction":[{"@type":"ReadAction","target":["https:\/\/admisiones.ufm.edu\/site\/vida-ufm\/"]}]},{"@type":"BreadcrumbList","@id":"https:\/\/admisiones.ufm.edu\/site\/vida-ufm\/#breadcrumb","itemListElement":[{"@type":"ListItem","position":1,"name":"Home","item":"https:\/\/admisiones.ufm.edu\/site\/"},{"@type":"ListItem","position":2,"name":"Vida UFM"}]},{"@type":"WebSite","@id":"https:\/\/admisiones.ufm.edu\/site\/#website","url":"https:\/\/admisiones.ufm.edu\/site\/","name":"Admisiones","description":"Universidad Francisco Marroqu\u00edn","potentialAction":[{"@type":"SearchAction","target":{"@type":"EntryPoint","urlTemplate":"https:\/\/admisiones.ufm.edu\/site\/?s={search_term_string}"},"query-input":"required name=search_term_string"}],"inLanguage":"es"}]}},"meta_box":[],"_links":{"self":[{"href":"https:\/\/admisiones.ufm.edu\/site\/wp-json\/wp\/v2\/pages\/1892","targetHints":{"allow":["GET"]}}],"collection":[{"href":"https:\/\/admisiones.ufm.edu\/site\/wp-json\/wp\/v2\/pages"}],"about":[{"href":"https:\/\/admisiones.ufm.edu\/site\/wp-json\/wp\/v2\/types\/page"}],"author":[{"embeddable":true,"href":"https:\/\/admisiones.ufm.edu\/site\/wp-json\/wp\/v2\/users\/1"}],"replies":[{"embeddable":true,"href":"https:\/\/admisiones.ufm.edu\/site\/wp-json\/wp\/v2\/comments?post=1892"}],"version-history":[{"count":59,"href":"https:\/\/admisiones.ufm.edu\/site\/wp-json\/wp\/v2\/pages\/1892\/revisions"}],"predecessor-version":[{"id":4518,"href":"https:\/\/admisiones.ufm.edu\/site\/wp-json\/wp\/v2\/pages\/1892\/revisions\/4518"}],"wp:attachment":[{"href":"https:\/\/admisiones.ufm.edu\/site\/wp-json\/wp\/v2\/media?parent=1892"}],"curies":[{"name":"wp","href":"https:\/\/api.w.org\/{rel}","templated":true}]}}