{"id":393,"date":"2022-10-06T17:50:15","date_gmt":"2022-10-06T17:50:15","guid":{"rendered":"https:\/\/admisiones.ufm.edu\/site\/?page_id=393"},"modified":"2025-12-08T15:44:13","modified_gmt":"2025-12-08T21:44:13","slug":"administracion-de-empresas","status":"publish","type":"page","link":"https:\/\/admisiones.ufm.edu\/site\/administracion-de-empresas\/","title":{"rendered":"Administraci\u00f3n de Empresas"},"content":{"rendered":"\n<h2>\n\t\tAdministraci\u00f3n de Empresas\n\t<\/h2>\n\t\t\t<a href=\"https:\/\/admisiones.ufm.edu\/site\/#carreras\" target=\"_self\" role=\"button\">\n\t\t\t\t\t\t\t Regresar\n\t\t\t\t\t<\/a>\n\t<iframe allowfullscreen allow=\"autoplay\" src=\"https:\/\/www.youtube.com\/embed\/_2U8_r6E9I8?feature=oembed&amp;autoplay=1&amp;start&amp;end&amp;wmode=opaque&amp;loop=0&amp;controls=1&amp;mute=0&amp;rel=0&amp;modestbranding=0\" title=\"Administraci\u00f3n de Empresas\"><\/iframe>\t\n\t\t\t<a href=\"https:\/\/admisiones.ufm.edu\/aplica\/\" target=\"_self\" role=\"button\">\n\t\t\t\t\t\t\tPROCESO DE ADMISI\u00d3N \n\t\t\t\t\t<\/a>\n\t\t\t<a href=\"https:\/\/fce.ufm.edu\/administracion-de-empresas\/\" target=\"_blank\" role=\"button\" rel=\"noopener\">\n\t\t\t\t\t\t\tM\u00c1S INFORMACI\u00d3N \n\t\t\t\t\t<\/a>\n\t\t\t<a href=\"https:\/\/fce.ufm.edu\/business-entrepreneurship-global\/\" target=\"_blank\" role=\"button\" rel=\"noopener\">\n\t\t\t\t\t\t\tPROGRAMA GLOBAL \n\t\t\t\t\t<\/a>\n\t<p>Conocer\u00e1s sobre los representantes m\u00e1s destacados del mundo de los negocios, el rol de las compa\u00f1\u00edas, las empresas y el consumidor como eje central.<\/p>\n<p>Adquirir\u00e1s las herramientas para potenciar tus destrezas, proponer soluciones innovadoras y liderar como profesional en cualquier industria.\u00a0<\/p>\n<p>Desarrollar\u00e1s una mirada estrat\u00e9gica que abarca un dominio de la econom\u00eda, finanzas, liderazgo y rapidez para aprender.<\/p>\n<p>Podr\u00e1s desenvolverte en el \u00e1mbito empresarial, con experiencias cercanas, conversaciones directas y proyectos reales, para poner en pr\u00e1ctica tus conocimientos.<\/p>\n<p><b>Minors disponibles:\u00a0<\/b><\/p>\n<ul>\n<li><i>Data Science<\/i><\/li>\n<li>Dise\u00f1o de Producto<\/li>\n<li>Dise\u00f1o Digital Interactivo<\/li>\n<li><i>Entrepreneurship<\/i><\/li>\n<li>Finanzas<\/li>\n<li>Mercadeo<\/li>\n<li>Operations Management<\/li>\n<li><i>Politics and Philosophy<\/i><\/li>\n<li><i>Design your own minor<\/i><\/li>\n<\/ul>\n<p>Duraci\u00f3n: 4 a\u00f1os<\/p>\n<table  data-tablesaw-minimap>\n\t\t<thead>\n\t\t<tr>\n\t\t\t<th id=\"pp-table-col-1\" scope=\"col\" data-tablesaw-sortable-col>COSTO DEL PRIMER SEMESTRE:<\/th><th id=\"pp-table-col-2\" scope=\"col\" data-tablesaw-sortable-col><\/th>\t\t<\/tr>\n\t<\/thead>\n\t\t<tbody>\n\t\t<tr><td>Matr\u00edcula (primer pago)<\/td><td>Q9,020.00<\/td><\/tr><tr><td>Mensualidad\u00a0 \u00a0<\/td><td>Q7,216.00<\/td><\/tr><tr><td>Total del semestre<\/td><td>Q45,100.00<\/td><\/tr>\t<\/tbody>\n<\/table>\n\t<p><i><strong>*Sujeto a cambios.<\/strong> Puede variar dependiendo de la cantidad de cursos asignados.<\/i><\/p>\n\t<p><b>Programa global:\u00a0<\/b><\/p>\n<p>El programa global te permitir\u00e1 estudiar la licenciatura en al menos 3 pa\u00edses diferentes.<\/p>\n<table  data-tablesaw-minimap>\n\t\t<thead>\n\t\t<tr>\n\t\t\t<th id=\"pp-table-col-1\" scope=\"col\" data-tablesaw-sortable-col>Costo del primer semestre:<\/th><th id=\"pp-table-col-2\" scope=\"col\" data-tablesaw-sortable-col><\/th>\t\t<\/tr>\n\t<\/thead>\n\t\t<tbody>\n\t\t<tr><td>Matr\u00edcula (primer pago)<\/td><td>Q12,447.60<\/td><\/tr><tr><td>Mensualidad\u00a0 \u00a0<\/td><td>Q9,958.08<\/td><\/tr><tr><td>Total del semestre<\/td><td>Q62,238.00<\/td><\/tr>\t<\/tbody>\n<\/table>\n\t<p><i><strong>*Sujeto a cambios.<\/strong> Puede variar dependiendo de la cantidad de cursos asignados.<\/i><\/p>\n\t<p><b>Campus Madrid:\u00a0<\/b><\/p>\n<table  data-tablesaw-minimap>\n\t\t<thead>\n\t\t<tr>\n\t\t\t<th id=\"pp-table-col-1\" scope=\"col\" data-tablesaw-sortable-col>Costo del primer semestre:<\/th><th id=\"pp-table-col-2\" scope=\"col\" data-tablesaw-sortable-col><\/th>\t\t<\/tr>\n\t<\/thead>\n\t\t<tbody>\n\t\t<tr><td>Matr\u00edcula (primer pago)<\/td><td>Q10,824.00<\/td><\/tr><tr><td>Mensualidad\u00a0 \u00a0<\/td><td>Q8,659.20<\/td><\/tr><tr><td>Total del semestre<\/td><td>Q54,120.00<\/td><\/tr>\t<\/tbody>\n<\/table>\n\t<p><i><strong>*Sujeto a cambios.<\/strong> Puede variar dependiendo de la cantidad de cursos asignados.<\/i><\/p>\n\n","protected":false},"excerpt":{"rendered":"<p>Administraci\u00f3n de Empresas Regresar PROCESO DE ADMISI\u00d3N M\u00c1S INFORMACI\u00d3N PROGRAMA GLOBAL Conocer\u00e1s sobre los representantes m\u00e1s destacados del mundo de los negocios, el rol de las compa\u00f1\u00edas, las empresas y el consumidor como eje central. Adquirir\u00e1s las herramientas para potenciar tus destrezas, proponer soluciones innovadoras y liderar como profesional en cualquier industria.\u00a0 Desarrollar\u00e1s una mirada&hellip;<\/p>\n","protected":false},"author":1,"featured_media":0,"parent":0,"menu_order":0,"comment_status":"closed","ping_status":"closed","template":"","meta":{"footnotes":""},"class_list":["post-393","page","type-page","status-publish","hentry"],"yoast_head":"<!-- This site is optimized with the Yoast SEO plugin v19.11 - https:\/\/yoast.com\/wordpress\/plugins\/seo\/ -->\n<title>Administraci\u00f3n de Empresas - Admisiones<\/title>\n<meta name=\"robots\" content=\"index, follow, max-snippet:-1, max-image-preview:large, max-video-preview:-1\" \/>\n<link rel=\"canonical\" href=\"https:\/\/admisiones.ufm.edu\/site\/administracion-de-empresas\/\" \/>\n<meta property=\"og:locale\" content=\"es_ES\" \/>\n<meta property=\"og:type\" content=\"article\" \/>\n<meta property=\"og:title\" content=\"Administraci\u00f3n de Empresas - Admisiones\" \/>\n<meta property=\"og:description\" content=\"Administraci\u00f3n de Empresas Regresar PROCESO DE ADMISI\u00d3N M\u00c1S INFORMACI\u00d3N PROGRAMA GLOBAL Conocer\u00e1s sobre los representantes m\u00e1s destacados del mundo de los negocios, el rol de las compa\u00f1\u00edas, las empresas y el consumidor como eje central. Adquirir\u00e1s las herramientas para potenciar tus destrezas, proponer soluciones innovadoras y liderar como profesional en cualquier industria.\u00a0 Desarrollar\u00e1s una mirada&hellip;\" \/>\n<meta property=\"og:url\" content=\"https:\/\/admisiones.ufm.edu\/site\/administracion-de-empresas\/\" \/>\n<meta property=\"og:site_name\" content=\"Admisiones\" \/>\n<meta property=\"article:modified_time\" content=\"2025-12-08T21:44:13+00:00\" \/>\n<meta name=\"twitter:card\" content=\"summary_large_image\" \/>\n<meta name=\"twitter:label1\" content=\"Tiempo de lectura\" \/>\n\t<meta name=\"twitter:data1\" content=\"1 minuto\" \/>\n<script type=\"application\/ld+json\" class=\"yoast-schema-graph\">{\"@context\":\"https:\/\/schema.org\",\"@graph\":[{\"@type\":\"WebPage\",\"@id\":\"https:\/\/admisiones.ufm.edu\/site\/administracion-de-empresas\/\",\"url\":\"https:\/\/admisiones.ufm.edu\/site\/administracion-de-empresas\/\",\"name\":\"Administraci\u00f3n de Empresas - Admisiones\",\"isPartOf\":{\"@id\":\"https:\/\/admisiones.ufm.edu\/site\/#website\"},\"datePublished\":\"2022-10-06T17:50:15+00:00\",\"dateModified\":\"2025-12-08T21:44:13+00:00\",\"breadcrumb\":{\"@id\":\"https:\/\/admisiones.ufm.edu\/site\/administracion-de-empresas\/#breadcrumb\"},\"inLanguage\":\"es\",\"potentialAction\":[{\"@type\":\"ReadAction\",\"target\":[\"https:\/\/admisiones.ufm.edu\/site\/administracion-de-empresas\/\"]}]},{\"@type\":\"BreadcrumbList\",\"@id\":\"https:\/\/admisiones.ufm.edu\/site\/administracion-de-empresas\/#breadcrumb\",\"itemListElement\":[{\"@type\":\"ListItem\",\"position\":1,\"name\":\"Home\",\"item\":\"https:\/\/admisiones.ufm.edu\/site\/\"},{\"@type\":\"ListItem\",\"position\":2,\"name\":\"Administraci\u00f3n de Empresas\"}]},{\"@type\":\"WebSite\",\"@id\":\"https:\/\/admisiones.ufm.edu\/site\/#website\",\"url\":\"https:\/\/admisiones.ufm.edu\/site\/\",\"name\":\"Admisiones\",\"description\":\"Universidad Francisco Marroqu\u00edn\",\"potentialAction\":[{\"@type\":\"SearchAction\",\"target\":{\"@type\":\"EntryPoint\",\"urlTemplate\":\"https:\/\/admisiones.ufm.edu\/site\/?s={search_term_string}\"},\"query-input\":\"required name=search_term_string\"}],\"inLanguage\":\"es\"}]}<\/script>\n<!-- \/ Yoast SEO plugin. -->","yoast_head_json":{"title":"Administraci\u00f3n de Empresas - Admisiones","robots":{"index":"index","follow":"follow","max-snippet":"max-snippet:-1","max-image-preview":"max-image-preview:large","max-video-preview":"max-video-preview:-1"},"canonical":"https:\/\/admisiones.ufm.edu\/site\/administracion-de-empresas\/","og_locale":"es_ES","og_type":"article","og_title":"Administraci\u00f3n de Empresas - Admisiones","og_description":"Administraci\u00f3n de Empresas Regresar PROCESO DE ADMISI\u00d3N M\u00c1S INFORMACI\u00d3N PROGRAMA GLOBAL Conocer\u00e1s sobre los representantes m\u00e1s destacados del mundo de los negocios, el rol de las compa\u00f1\u00edas, las empresas y el consumidor como eje central. Adquirir\u00e1s las herramientas para potenciar tus destrezas, proponer soluciones innovadoras y liderar como profesional en cualquier industria.\u00a0 Desarrollar\u00e1s una mirada&hellip;","og_url":"https:\/\/admisiones.ufm.edu\/site\/administracion-de-empresas\/","og_site_name":"Admisiones","article_modified_time":"2025-12-08T21:44:13+00:00","twitter_card":"summary_large_image","twitter_misc":{"Tiempo de lectura":"1 minuto"},"schema":{"@context":"https:\/\/schema.org","@graph":[{"@type":"WebPage","@id":"https:\/\/admisiones.ufm.edu\/site\/administracion-de-empresas\/","url":"https:\/\/admisiones.ufm.edu\/site\/administracion-de-empresas\/","name":"Administraci\u00f3n de Empresas - Admisiones","isPartOf":{"@id":"https:\/\/admisiones.ufm.edu\/site\/#website"},"datePublished":"2022-10-06T17:50:15+00:00","dateModified":"2025-12-08T21:44:13+00:00","breadcrumb":{"@id":"https:\/\/admisiones.ufm.edu\/site\/administracion-de-empresas\/#breadcrumb"},"inLanguage":"es","potentialAction":[{"@type":"ReadAction","target":["https:\/\/admisiones.ufm.edu\/site\/administracion-de-empresas\/"]}]},{"@type":"BreadcrumbList","@id":"https:\/\/admisiones.ufm.edu\/site\/administracion-de-empresas\/#breadcrumb","itemListElement":[{"@type":"ListItem","position":1,"name":"Home","item":"https:\/\/admisiones.ufm.edu\/site\/"},{"@type":"ListItem","position":2,"name":"Administraci\u00f3n de Empresas"}]},{"@type":"WebSite","@id":"https:\/\/admisiones.ufm.edu\/site\/#website","url":"https:\/\/admisiones.ufm.edu\/site\/","name":"Admisiones","description":"Universidad Francisco Marroqu\u00edn","potentialAction":[{"@type":"SearchAction","target":{"@type":"EntryPoint","urlTemplate":"https:\/\/admisiones.ufm.edu\/site\/?s={search_term_string}"},"query-input":"required name=search_term_string"}],"inLanguage":"es"}]}},"meta_box":[],"_links":{"self":[{"href":"https:\/\/admisiones.ufm.edu\/site\/wp-json\/wp\/v2\/pages\/393","targetHints":{"allow":["GET"]}}],"collection":[{"href":"https:\/\/admisiones.ufm.edu\/site\/wp-json\/wp\/v2\/pages"}],"about":[{"href":"https:\/\/admisiones.ufm.edu\/site\/wp-json\/wp\/v2\/types\/page"}],"author":[{"embeddable":true,"href":"https:\/\/admisiones.ufm.edu\/site\/wp-json\/wp\/v2\/users\/1"}],"replies":[{"embeddable":true,"href":"https:\/\/admisiones.ufm.edu\/site\/wp-json\/wp\/v2\/comments?post=393"}],"version-history":[{"count":26,"href":"https:\/\/admisiones.ufm.edu\/site\/wp-json\/wp\/v2\/pages\/393\/revisions"}],"predecessor-version":[{"id":4352,"href":"https:\/\/admisiones.ufm.edu\/site\/wp-json\/wp\/v2\/pages\/393\/revisions\/4352"}],"wp:attachment":[{"href":"https:\/\/admisiones.ufm.edu\/site\/wp-json\/wp\/v2\/media?parent=393"}],"curies":[{"name":"wp","href":"https:\/\/api.w.org\/{rel}","templated":true}]}}