{"id":408,"date":"2022-10-06T18:21:07","date_gmt":"2022-10-06T18:21:07","guid":{"rendered":"https:\/\/admisiones.ufm.edu\/site\/?page_id=408"},"modified":"2024-12-18T09:25:10","modified_gmt":"2024-12-18T15:25:10","slug":"contaduria-publica-y-auditoria","status":"publish","type":"page","link":"https:\/\/admisiones.ufm.edu\/site\/contaduria-publica-y-auditoria\/","title":{"rendered":"Contadur\u00eda P\u00fablica y Auditor\u00eda"},"content":{"rendered":"\n<h2>\n\t\tContadur\u00eda P\u00fablica y Auditor\u00eda\n\t<\/h2>\n\t\t\t<a href=\"https:\/\/admisiones.ufm.edu\/site\/#carreras\" target=\"_self\" role=\"button\">\n\t\t\t\t\t\t\t Regresar\n\t\t\t\t\t<\/a>\n\t\t\t\t<img loading=\"lazy\" decoding=\"async\" src=\"https:\/\/admisiones.ufm.edu\/site\/wp-content\/uploads\/2024\/03\/DSC_3390-1-1536x864-1.jpg\" alt=\"DSC_3390-1-1536x864\" itemprop=\"image\" height=\"864\" width=\"1536\" title=\"DSC_3390-1-1536x864\" onerror=\"this.style.display='none'\"  \/>\n\t\t\t<a href=\"https:\/\/admisiones.ufm.edu\/aplica\/\" target=\"_self\" role=\"button\">\n\t\t\t\t\t\t\tPROCESO DE ADMISI\u00d3N \n\t\t\t\t\t<\/a>\n\t\t\t<a href=\"https:\/\/cpa.ufm.edu\/ \" target=\"_self\" role=\"button\">\n\t\t\t\t\t\t\t M\u00c1S INFORMACI\u00d3N\n\t\t\t\t\t<\/a>\n\t<p>La formaci\u00f3n de CPA est\u00e1 basada en valores \u00e9ticos y libertarios, que te dar\u00e1n la habilidad de tomar excelentes decisiones.<\/p>\n<p>Con nuestro p\u00e9nsum obtendr\u00e1s conocimientos avanzados en finanzas corporativas y juicio cr\u00edtico, como base s\u00f3lida para plantear soluciones financieras, fiscales y de gesti\u00f3n de riesgos.\u00a0<\/p>\n<p>Podr\u00e1s tambi\u00e9n desenvolverte f\u00e1cilmente fuera de Guatemala, en entornos muy competitivos.<\/p>\n<p>Est\u00e1 carrera te permitir\u00e1 ser un miembro valioso de juntas directivas, como ejecutivo de alto nivel a cargo del liderazgo general y la direcci\u00f3n financiera, en diversas corporaciones nacionales e internacionales.<\/p>\n<p>Duraci\u00f3n: 4 a\u00f1os<\/p>\n<table  data-tablesaw-minimap>\n\t\t<thead>\n\t\t<tr>\n\t\t\t<th id=\"pp-table-col-1\" scope=\"col\" data-tablesaw-sortable-col>COSTO DEL PRIMER SEMESTRE:<\/th><th id=\"pp-table-col-2\" scope=\"col\" data-tablesaw-sortable-col><\/th>\t\t<\/tr>\n\t<\/thead>\n\t\t<tbody>\n\t\t<tr><td>Matr\u00edcula (primer pago)<\/td><td>Q8,947.00<\/td><\/tr><tr><td>Mensualidad\u00a0 \u00a0<\/td><td>Q7,157.60<\/td><\/tr><tr><td>Total del semestre<\/td><td>Q44,735.00<\/td><\/tr>\t<\/tbody>\n<\/table>\n\t<p><i><strong>*Sujeto a cambios.<\/strong> Puede variar dependiendo de la cantidad de cursos asignados.<\/i><\/p>\n\n","protected":false},"excerpt":{"rendered":"<p>Contadur\u00eda P\u00fablica y Auditor\u00eda Regresar PROCESO DE ADMISI\u00d3N M\u00c1S INFORMACI\u00d3N La formaci\u00f3n de CPA est\u00e1 basada en valores \u00e9ticos y libertarios, que te dar\u00e1n la habilidad de tomar excelentes decisiones. Con nuestro p\u00e9nsum obtendr\u00e1s conocimientos avanzados en finanzas corporativas y juicio cr\u00edtico, como base s\u00f3lida para plantear soluciones financieras, fiscales y de gesti\u00f3n de riesgos.\u00a0&hellip;<\/p>\n","protected":false},"author":1,"featured_media":0,"parent":0,"menu_order":0,"comment_status":"closed","ping_status":"closed","template":"","meta":{"footnotes":""},"class_list":["post-408","page","type-page","status-publish","hentry"],"yoast_head":"<!-- This site is optimized with the Yoast SEO plugin v19.11 - https:\/\/yoast.com\/wordpress\/plugins\/seo\/ -->\n<title>Contadur\u00eda P\u00fablica y Auditor\u00eda - Admisiones<\/title>\n<meta name=\"robots\" content=\"index, follow, max-snippet:-1, max-image-preview:large, max-video-preview:-1\" \/>\n<link rel=\"canonical\" href=\"https:\/\/admisiones.ufm.edu\/site\/contaduria-publica-y-auditoria\/\" \/>\n<meta property=\"og:locale\" content=\"es_ES\" \/>\n<meta property=\"og:type\" content=\"article\" \/>\n<meta property=\"og:title\" content=\"Contadur\u00eda P\u00fablica y Auditor\u00eda - Admisiones\" \/>\n<meta property=\"og:description\" content=\"Contadur\u00eda P\u00fablica y Auditor\u00eda Regresar PROCESO DE ADMISI\u00d3N M\u00c1S INFORMACI\u00d3N La formaci\u00f3n de CPA est\u00e1 basada en valores \u00e9ticos y libertarios, que te dar\u00e1n la habilidad de tomar excelentes decisiones. Con nuestro p\u00e9nsum obtendr\u00e1s conocimientos avanzados en finanzas corporativas y juicio cr\u00edtico, como base s\u00f3lida para plantear soluciones financieras, fiscales y de gesti\u00f3n de riesgos.\u00a0&hellip;\" \/>\n<meta property=\"og:url\" content=\"https:\/\/admisiones.ufm.edu\/site\/contaduria-publica-y-auditoria\/\" \/>\n<meta property=\"og:site_name\" content=\"Admisiones\" \/>\n<meta property=\"article:modified_time\" content=\"2024-12-18T15:25:10+00:00\" \/>\n<meta property=\"og:image\" content=\"https:\/\/admisiones.ufm.edu\/site\/wp-content\/uploads\/2024\/03\/DSC_3390-1-1536x864-1.jpg\" \/>\n<meta name=\"twitter:card\" content=\"summary_large_image\" \/>\n<meta name=\"twitter:label1\" content=\"Tiempo de lectura\" \/>\n\t<meta name=\"twitter:data1\" content=\"1 minuto\" \/>\n<script type=\"application\/ld+json\" class=\"yoast-schema-graph\">{\"@context\":\"https:\/\/schema.org\",\"@graph\":[{\"@type\":\"WebPage\",\"@id\":\"https:\/\/admisiones.ufm.edu\/site\/contaduria-publica-y-auditoria\/\",\"url\":\"https:\/\/admisiones.ufm.edu\/site\/contaduria-publica-y-auditoria\/\",\"name\":\"Contadur\u00eda P\u00fablica y Auditor\u00eda - Admisiones\",\"isPartOf\":{\"@id\":\"https:\/\/admisiones.ufm.edu\/site\/#website\"},\"datePublished\":\"2022-10-06T18:21:07+00:00\",\"dateModified\":\"2024-12-18T15:25:10+00:00\",\"breadcrumb\":{\"@id\":\"https:\/\/admisiones.ufm.edu\/site\/contaduria-publica-y-auditoria\/#breadcrumb\"},\"inLanguage\":\"es\",\"potentialAction\":[{\"@type\":\"ReadAction\",\"target\":[\"https:\/\/admisiones.ufm.edu\/site\/contaduria-publica-y-auditoria\/\"]}]},{\"@type\":\"BreadcrumbList\",\"@id\":\"https:\/\/admisiones.ufm.edu\/site\/contaduria-publica-y-auditoria\/#breadcrumb\",\"itemListElement\":[{\"@type\":\"ListItem\",\"position\":1,\"name\":\"Home\",\"item\":\"https:\/\/admisiones.ufm.edu\/site\/\"},{\"@type\":\"ListItem\",\"position\":2,\"name\":\"Contadur\u00eda P\u00fablica y Auditor\u00eda\"}]},{\"@type\":\"WebSite\",\"@id\":\"https:\/\/admisiones.ufm.edu\/site\/#website\",\"url\":\"https:\/\/admisiones.ufm.edu\/site\/\",\"name\":\"Admisiones\",\"description\":\"Universidad Francisco Marroqu\u00edn\",\"potentialAction\":[{\"@type\":\"SearchAction\",\"target\":{\"@type\":\"EntryPoint\",\"urlTemplate\":\"https:\/\/admisiones.ufm.edu\/site\/?s={search_term_string}\"},\"query-input\":\"required name=search_term_string\"}],\"inLanguage\":\"es\"}]}<\/script>\n<!-- \/ Yoast SEO plugin. -->","yoast_head_json":{"title":"Contadur\u00eda P\u00fablica y Auditor\u00eda - Admisiones","robots":{"index":"index","follow":"follow","max-snippet":"max-snippet:-1","max-image-preview":"max-image-preview:large","max-video-preview":"max-video-preview:-1"},"canonical":"https:\/\/admisiones.ufm.edu\/site\/contaduria-publica-y-auditoria\/","og_locale":"es_ES","og_type":"article","og_title":"Contadur\u00eda P\u00fablica y Auditor\u00eda - Admisiones","og_description":"Contadur\u00eda P\u00fablica y Auditor\u00eda Regresar PROCESO DE ADMISI\u00d3N M\u00c1S INFORMACI\u00d3N La formaci\u00f3n de CPA est\u00e1 basada en valores \u00e9ticos y libertarios, que te dar\u00e1n la habilidad de tomar excelentes decisiones. Con nuestro p\u00e9nsum obtendr\u00e1s conocimientos avanzados en finanzas corporativas y juicio cr\u00edtico, como base s\u00f3lida para plantear soluciones financieras, fiscales y de gesti\u00f3n de riesgos.\u00a0&hellip;","og_url":"https:\/\/admisiones.ufm.edu\/site\/contaduria-publica-y-auditoria\/","og_site_name":"Admisiones","article_modified_time":"2024-12-18T15:25:10+00:00","og_image":[{"url":"https:\/\/admisiones.ufm.edu\/site\/wp-content\/uploads\/2024\/03\/DSC_3390-1-1536x864-1.jpg"}],"twitter_card":"summary_large_image","twitter_misc":{"Tiempo de lectura":"1 minuto"},"schema":{"@context":"https:\/\/schema.org","@graph":[{"@type":"WebPage","@id":"https:\/\/admisiones.ufm.edu\/site\/contaduria-publica-y-auditoria\/","url":"https:\/\/admisiones.ufm.edu\/site\/contaduria-publica-y-auditoria\/","name":"Contadur\u00eda P\u00fablica y Auditor\u00eda - Admisiones","isPartOf":{"@id":"https:\/\/admisiones.ufm.edu\/site\/#website"},"datePublished":"2022-10-06T18:21:07+00:00","dateModified":"2024-12-18T15:25:10+00:00","breadcrumb":{"@id":"https:\/\/admisiones.ufm.edu\/site\/contaduria-publica-y-auditoria\/#breadcrumb"},"inLanguage":"es","potentialAction":[{"@type":"ReadAction","target":["https:\/\/admisiones.ufm.edu\/site\/contaduria-publica-y-auditoria\/"]}]},{"@type":"BreadcrumbList","@id":"https:\/\/admisiones.ufm.edu\/site\/contaduria-publica-y-auditoria\/#breadcrumb","itemListElement":[{"@type":"ListItem","position":1,"name":"Home","item":"https:\/\/admisiones.ufm.edu\/site\/"},{"@type":"ListItem","position":2,"name":"Contadur\u00eda P\u00fablica y Auditor\u00eda"}]},{"@type":"WebSite","@id":"https:\/\/admisiones.ufm.edu\/site\/#website","url":"https:\/\/admisiones.ufm.edu\/site\/","name":"Admisiones","description":"Universidad Francisco Marroqu\u00edn","potentialAction":[{"@type":"SearchAction","target":{"@type":"EntryPoint","urlTemplate":"https:\/\/admisiones.ufm.edu\/site\/?s={search_term_string}"},"query-input":"required name=search_term_string"}],"inLanguage":"es"}]}},"meta_box":[],"_links":{"self":[{"href":"https:\/\/admisiones.ufm.edu\/site\/wp-json\/wp\/v2\/pages\/408","targetHints":{"allow":["GET"]}}],"collection":[{"href":"https:\/\/admisiones.ufm.edu\/site\/wp-json\/wp\/v2\/pages"}],"about":[{"href":"https:\/\/admisiones.ufm.edu\/site\/wp-json\/wp\/v2\/types\/page"}],"author":[{"embeddable":true,"href":"https:\/\/admisiones.ufm.edu\/site\/wp-json\/wp\/v2\/users\/1"}],"replies":[{"embeddable":true,"href":"https:\/\/admisiones.ufm.edu\/site\/wp-json\/wp\/v2\/comments?post=408"}],"version-history":[{"count":13,"href":"https:\/\/admisiones.ufm.edu\/site\/wp-json\/wp\/v2\/pages\/408\/revisions"}],"predecessor-version":[{"id":3766,"href":"https:\/\/admisiones.ufm.edu\/site\/wp-json\/wp\/v2\/pages\/408\/revisions\/3766"}],"wp:attachment":[{"href":"https:\/\/admisiones.ufm.edu\/site\/wp-json\/wp\/v2\/media?parent=408"}],"curies":[{"name":"wp","href":"https:\/\/api.w.org\/{rel}","templated":true}]}}