{"id":4199,"date":"2025-09-23T10:03:46","date_gmt":"2025-09-23T16:03:46","guid":{"rendered":"https:\/\/admisiones.ufm.edu\/site\/?page_id=4199"},"modified":"2025-09-23T10:05:23","modified_gmt":"2025-09-23T16:05:23","slug":"pruebas-de-admision","status":"publish","type":"page","link":"https:\/\/admisiones.ufm.edu\/site\/pruebas-de-admision\/","title":{"rendered":"Pruebas de admisi\u00f3n"},"content":{"rendered":"\n<h2>\n\t\tPruebas de Admisi\u00f3n\n\t<\/h2>\n\t<p><b>Pruebas de Aptitud Acad\u00e9mica (PAA):<\/b><\/p>\n<p>La PAA es una prueba que eval\u00faa las habilidades y los conocimientos necesarios para hacer trabajo acad\u00e9mico de nivel universitario. Puedes prepararte para la PAA con la gu\u00eda de estudio o el examen de pr\u00e1ctica. En caso de no llegar al puntaje m\u00ednimo requerido por la unidad acad\u00e9mica, tienes oportunidad de repetir la PAA cada dos meses; esto te permite estudiar para mejorar tus resultados y poder hacer un examen mejor.<\/p>\n<p>Si ya hiciste la prueba, toma en cuenta que el informe del resultado tiene validez de 2 a\u00f1os y no es necesario que vuelvas a tomar la prueba, a menos que no hayas cumplido el requerimiento m\u00ednimo de la carrera o quieras mejorar tu calificaci\u00f3n.<\/p>\n\t<p><b>Prueba OTIS<\/b><\/p>\n<p>Esta prueba la deber\u00e1s hacer el mismo d\u00eda en el que har\u00e1s la PAA. La prueba OTIS est\u00e1 basada en pruebas con elementos que miden distintos aspectos de la inteligencia (razonamiento deductivo e inductivo y conocimiento l\u00e9xico).<\/p>\n<p>Las 75 preguntas se agrupan en: razonamiento con figuras abstractas, material verbal y series de n\u00fameros; comprensi\u00f3n verbal y rapidez; precisi\u00f3n perceptiva. Para la ejecuci\u00f3n de la prueba se cuenta \u00fanicamente con 30 minutos.<\/p>\n\t\t\t<a href=\"https:\/\/admisiones.ufm.edu\/site\/wp-content\/uploads\/2022\/10\/Guia_de_estudio_PAA.pdf\" target=\"_blank\" role=\"button\" rel=\"noopener\">\n\t\t\t\t\t\t\tGU\u00cdA DE ESTUDIO \n\t\t\t\t\t<\/a>\n\t\t\t<a href=\"https:\/\/paa.aprendolibre.com\/landing\" target=\"_blank\" role=\"button\" rel=\"noopener\">\n\t\t\t\t\t\t\tPRUEBA PR\u00c1CTICA \n\t\t\t\t\t<\/a>\n\n","protected":false},"excerpt":{"rendered":"<p>Pruebas de Admisi\u00f3n Pruebas de Aptitud Acad\u00e9mica (PAA): La PAA es una prueba que eval\u00faa las habilidades y los conocimientos necesarios para hacer trabajo acad\u00e9mico de nivel universitario. Puedes prepararte para la PAA con la gu\u00eda de estudio o el examen de pr\u00e1ctica. En caso de no llegar al puntaje m\u00ednimo requerido por la unidad&hellip;<\/p>\n","protected":false},"author":1,"featured_media":0,"parent":0,"menu_order":0,"comment_status":"closed","ping_status":"closed","template":"","meta":{"footnotes":""},"class_list":["post-4199","page","type-page","status-publish","hentry"],"yoast_head":"<!-- This site is optimized with the Yoast SEO plugin v19.11 - https:\/\/yoast.com\/wordpress\/plugins\/seo\/ -->\n<title>Pruebas de admisi\u00f3n - Admisiones<\/title>\n<meta name=\"robots\" content=\"index, follow, max-snippet:-1, max-image-preview:large, max-video-preview:-1\" \/>\n<link rel=\"canonical\" href=\"https:\/\/admisiones.ufm.edu\/site\/pruebas-de-admision\/\" \/>\n<meta property=\"og:locale\" content=\"es_ES\" \/>\n<meta property=\"og:type\" content=\"article\" \/>\n<meta property=\"og:title\" content=\"Pruebas de admisi\u00f3n - Admisiones\" \/>\n<meta property=\"og:description\" content=\"Pruebas de Admisi\u00f3n Pruebas de Aptitud Acad\u00e9mica (PAA): La PAA es una prueba que eval\u00faa las habilidades y los conocimientos necesarios para hacer trabajo acad\u00e9mico de nivel universitario. Puedes prepararte para la PAA con la gu\u00eda de estudio o el examen de pr\u00e1ctica. En caso de no llegar al puntaje m\u00ednimo requerido por la unidad&hellip;\" \/>\n<meta property=\"og:url\" content=\"https:\/\/admisiones.ufm.edu\/site\/pruebas-de-admision\/\" \/>\n<meta property=\"og:site_name\" content=\"Admisiones\" \/>\n<meta property=\"article:modified_time\" content=\"2025-09-23T16:05:23+00:00\" \/>\n<meta name=\"twitter:card\" content=\"summary_large_image\" \/>\n<script type=\"application\/ld+json\" class=\"yoast-schema-graph\">{\"@context\":\"https:\/\/schema.org\",\"@graph\":[{\"@type\":\"WebPage\",\"@id\":\"https:\/\/admisiones.ufm.edu\/site\/pruebas-de-admision\/\",\"url\":\"https:\/\/admisiones.ufm.edu\/site\/pruebas-de-admision\/\",\"name\":\"Pruebas de admisi\u00f3n - Admisiones\",\"isPartOf\":{\"@id\":\"https:\/\/admisiones.ufm.edu\/site\/#website\"},\"datePublished\":\"2025-09-23T16:03:46+00:00\",\"dateModified\":\"2025-09-23T16:05:23+00:00\",\"breadcrumb\":{\"@id\":\"https:\/\/admisiones.ufm.edu\/site\/pruebas-de-admision\/#breadcrumb\"},\"inLanguage\":\"es\",\"potentialAction\":[{\"@type\":\"ReadAction\",\"target\":[\"https:\/\/admisiones.ufm.edu\/site\/pruebas-de-admision\/\"]}]},{\"@type\":\"BreadcrumbList\",\"@id\":\"https:\/\/admisiones.ufm.edu\/site\/pruebas-de-admision\/#breadcrumb\",\"itemListElement\":[{\"@type\":\"ListItem\",\"position\":1,\"name\":\"Home\",\"item\":\"https:\/\/admisiones.ufm.edu\/site\/\"},{\"@type\":\"ListItem\",\"position\":2,\"name\":\"Pruebas de admisi\u00f3n\"}]},{\"@type\":\"WebSite\",\"@id\":\"https:\/\/admisiones.ufm.edu\/site\/#website\",\"url\":\"https:\/\/admisiones.ufm.edu\/site\/\",\"name\":\"Admisiones\",\"description\":\"Universidad Francisco Marroqu\u00edn\",\"potentialAction\":[{\"@type\":\"SearchAction\",\"target\":{\"@type\":\"EntryPoint\",\"urlTemplate\":\"https:\/\/admisiones.ufm.edu\/site\/?s={search_term_string}\"},\"query-input\":\"required name=search_term_string\"}],\"inLanguage\":\"es\"}]}<\/script>\n<!-- \/ Yoast SEO plugin. -->","yoast_head_json":{"title":"Pruebas de admisi\u00f3n - Admisiones","robots":{"index":"index","follow":"follow","max-snippet":"max-snippet:-1","max-image-preview":"max-image-preview:large","max-video-preview":"max-video-preview:-1"},"canonical":"https:\/\/admisiones.ufm.edu\/site\/pruebas-de-admision\/","og_locale":"es_ES","og_type":"article","og_title":"Pruebas de admisi\u00f3n - Admisiones","og_description":"Pruebas de Admisi\u00f3n Pruebas de Aptitud Acad\u00e9mica (PAA): La PAA es una prueba que eval\u00faa las habilidades y los conocimientos necesarios para hacer trabajo acad\u00e9mico de nivel universitario. Puedes prepararte para la PAA con la gu\u00eda de estudio o el examen de pr\u00e1ctica. En caso de no llegar al puntaje m\u00ednimo requerido por la unidad&hellip;","og_url":"https:\/\/admisiones.ufm.edu\/site\/pruebas-de-admision\/","og_site_name":"Admisiones","article_modified_time":"2025-09-23T16:05:23+00:00","twitter_card":"summary_large_image","schema":{"@context":"https:\/\/schema.org","@graph":[{"@type":"WebPage","@id":"https:\/\/admisiones.ufm.edu\/site\/pruebas-de-admision\/","url":"https:\/\/admisiones.ufm.edu\/site\/pruebas-de-admision\/","name":"Pruebas de admisi\u00f3n - Admisiones","isPartOf":{"@id":"https:\/\/admisiones.ufm.edu\/site\/#website"},"datePublished":"2025-09-23T16:03:46+00:00","dateModified":"2025-09-23T16:05:23+00:00","breadcrumb":{"@id":"https:\/\/admisiones.ufm.edu\/site\/pruebas-de-admision\/#breadcrumb"},"inLanguage":"es","potentialAction":[{"@type":"ReadAction","target":["https:\/\/admisiones.ufm.edu\/site\/pruebas-de-admision\/"]}]},{"@type":"BreadcrumbList","@id":"https:\/\/admisiones.ufm.edu\/site\/pruebas-de-admision\/#breadcrumb","itemListElement":[{"@type":"ListItem","position":1,"name":"Home","item":"https:\/\/admisiones.ufm.edu\/site\/"},{"@type":"ListItem","position":2,"name":"Pruebas de admisi\u00f3n"}]},{"@type":"WebSite","@id":"https:\/\/admisiones.ufm.edu\/site\/#website","url":"https:\/\/admisiones.ufm.edu\/site\/","name":"Admisiones","description":"Universidad Francisco Marroqu\u00edn","potentialAction":[{"@type":"SearchAction","target":{"@type":"EntryPoint","urlTemplate":"https:\/\/admisiones.ufm.edu\/site\/?s={search_term_string}"},"query-input":"required name=search_term_string"}],"inLanguage":"es"}]}},"meta_box":[],"_links":{"self":[{"href":"https:\/\/admisiones.ufm.edu\/site\/wp-json\/wp\/v2\/pages\/4199","targetHints":{"allow":["GET"]}}],"collection":[{"href":"https:\/\/admisiones.ufm.edu\/site\/wp-json\/wp\/v2\/pages"}],"about":[{"href":"https:\/\/admisiones.ufm.edu\/site\/wp-json\/wp\/v2\/types\/page"}],"author":[{"embeddable":true,"href":"https:\/\/admisiones.ufm.edu\/site\/wp-json\/wp\/v2\/users\/1"}],"replies":[{"embeddable":true,"href":"https:\/\/admisiones.ufm.edu\/site\/wp-json\/wp\/v2\/comments?post=4199"}],"version-history":[{"count":3,"href":"https:\/\/admisiones.ufm.edu\/site\/wp-json\/wp\/v2\/pages\/4199\/revisions"}],"predecessor-version":[{"id":4202,"href":"https:\/\/admisiones.ufm.edu\/site\/wp-json\/wp\/v2\/pages\/4199\/revisions\/4202"}],"wp:attachment":[{"href":"https:\/\/admisiones.ufm.edu\/site\/wp-json\/wp\/v2\/media?parent=4199"}],"curies":[{"name":"wp","href":"https:\/\/api.w.org\/{rel}","templated":true}]}}