{"id":445,"date":"2022-10-06T21:41:31","date_gmt":"2022-10-06T21:41:31","guid":{"rendered":"https:\/\/admisiones.ufm.edu\/site\/?page_id=445"},"modified":"2025-12-12T10:16:58","modified_gmt":"2025-12-12T16:16:58","slug":"historia-del-arte-y-gestion-cultural","status":"publish","type":"page","link":"https:\/\/admisiones.ufm.edu\/site\/historia-del-arte-y-gestion-cultural\/","title":{"rendered":"Historia del Arte y Gesti\u00f3n Cultural"},"content":{"rendered":"\n<h2>\n\t\tHistoria del Arte y Gesti\u00f3n Cultural \n\t<\/h2>\n\t\t\t<a href=\"https:\/\/admisiones.ufm.edu\/site\/#carreras\" target=\"_self\" role=\"button\">\n\t\t\t\t\t\t\t Regresar\n\t\t\t\t\t<\/a>\n\t<iframe allowfullscreen allow=\"autoplay\" src=\"https:\/\/www.youtube.com\/embed\/tMcxRAKNy_g?feature=oembed&amp;autoplay=1&amp;start&amp;end&amp;wmode=opaque&amp;loop=0&amp;controls=1&amp;mute=0&amp;rel=0&amp;modestbranding=0\"><\/iframe>\t\n\t\t\t<a href=\"https:\/\/admisiones.ufm.edu\/aplica\/\" target=\"_self\" role=\"button\">\n\t\t\t\t\t\t\tPROCESO DE ADMISI\u00d3N \n\t\t\t\t\t<\/a>\n\t\t\t<a href=\"https:\/\/educacion.ufm.edu\/licenciatura\/licenciatura-en-historia-del-arte-y-gestion-cultural\/\" target=\"_blank\" role=\"button\" rel=\"noopener\">\n\t\t\t\t\t\t\tM\u00c1S INFORMACI\u00d3N \n\t\t\t\t\t<\/a>\n\t<p>Estudiar Historia del Arte y Gesti\u00f3n Cultural te permitir\u00e1 formar parte de un ambiente dise\u00f1ado para interesados en el arte y la historia, y tambi\u00e9n en la disciplina hist\u00f3rico-art\u00edstica.<\/p>\n<p>Con una metodolog\u00eda activa, que fomenta la creatividad y el emprendimiento, podr\u00e1s adquirir las destrezas para orientar tus conocimientos al \u00e1rea de tu inter\u00e9s o desarrollar un proyecto dentro del marco art\u00edstico-cultural.<\/p>\n<p>Si eres artista, esta carrera te puede resultar indispensable, al brindarte una formaci\u00f3n te\u00f3rica que complemente tu pr\u00e1ctica personal.<\/p>\n<p>Duraci\u00f3n: 4.5 a\u00f1os<\/p>\n<table  data-tablesaw-minimap>\n\t\t<thead>\n\t\t<tr>\n\t\t\t<th id=\"pp-table-col-1\" scope=\"col\" data-tablesaw-sortable-col>Costo de la carrera:<\/th><th id=\"pp-table-col-2\" scope=\"col\" data-tablesaw-sortable-col><\/th>\t\t<\/tr>\n\t<\/thead>\n\t\t<tbody>\n\t\t<tr><td>Matr\u00edcula (primer pago)<\/td><td>Q1,980.00<\/td><\/tr><tr><td>Mensualidad\u00a0 \u00a0<\/td><td>Q1,584.00<\/td><\/tr><tr><td>Total del semestre<\/td><td>Q9,900.00<\/td><\/tr>\t<\/tbody>\n<\/table>\n\t<p><i><strong>*Sujeto a cambios.<\/strong> Puede variar dependiendo de la cantidad de cursos asignados.<\/i><\/p>\n\n","protected":false},"excerpt":{"rendered":"<p>Historia del Arte y Gesti\u00f3n Cultural Regresar PROCESO DE ADMISI\u00d3N M\u00c1S INFORMACI\u00d3N Estudiar Historia del Arte y Gesti\u00f3n Cultural te permitir\u00e1 formar parte de un ambiente dise\u00f1ado para interesados en el arte y la historia, y tambi\u00e9n en la disciplina hist\u00f3rico-art\u00edstica. Con una metodolog\u00eda activa, que fomenta la creatividad y el emprendimiento, podr\u00e1s adquirir las&hellip;<\/p>\n","protected":false},"author":1,"featured_media":0,"parent":0,"menu_order":0,"comment_status":"closed","ping_status":"closed","template":"","meta":{"footnotes":""},"class_list":["post-445","page","type-page","status-publish","hentry"],"yoast_head":"<!-- This site is optimized with the Yoast SEO plugin v19.11 - https:\/\/yoast.com\/wordpress\/plugins\/seo\/ -->\n<title>Historia del Arte y Gesti\u00f3n Cultural - Admisiones<\/title>\n<meta name=\"robots\" content=\"index, follow, max-snippet:-1, max-image-preview:large, max-video-preview:-1\" \/>\n<link rel=\"canonical\" href=\"https:\/\/admisiones.ufm.edu\/site\/historia-del-arte-y-gestion-cultural\/\" \/>\n<meta property=\"og:locale\" content=\"es_ES\" \/>\n<meta property=\"og:type\" content=\"article\" \/>\n<meta property=\"og:title\" content=\"Historia del Arte y Gesti\u00f3n Cultural - Admisiones\" \/>\n<meta property=\"og:description\" content=\"Historia del Arte y Gesti\u00f3n Cultural Regresar PROCESO DE ADMISI\u00d3N M\u00c1S INFORMACI\u00d3N Estudiar Historia del Arte y Gesti\u00f3n Cultural te permitir\u00e1 formar parte de un ambiente dise\u00f1ado para interesados en el arte y la historia, y tambi\u00e9n en la disciplina hist\u00f3rico-art\u00edstica. Con una metodolog\u00eda activa, que fomenta la creatividad y el emprendimiento, podr\u00e1s adquirir las&hellip;\" \/>\n<meta property=\"og:url\" content=\"https:\/\/admisiones.ufm.edu\/site\/historia-del-arte-y-gestion-cultural\/\" \/>\n<meta property=\"og:site_name\" content=\"Admisiones\" \/>\n<meta property=\"article:modified_time\" content=\"2025-12-12T16:16:58+00:00\" \/>\n<meta name=\"twitter:card\" content=\"summary_large_image\" \/>\n<script type=\"application\/ld+json\" class=\"yoast-schema-graph\">{\"@context\":\"https:\/\/schema.org\",\"@graph\":[{\"@type\":\"WebPage\",\"@id\":\"https:\/\/admisiones.ufm.edu\/site\/historia-del-arte-y-gestion-cultural\/\",\"url\":\"https:\/\/admisiones.ufm.edu\/site\/historia-del-arte-y-gestion-cultural\/\",\"name\":\"Historia del Arte y Gesti\u00f3n Cultural - Admisiones\",\"isPartOf\":{\"@id\":\"https:\/\/admisiones.ufm.edu\/site\/#website\"},\"datePublished\":\"2022-10-06T21:41:31+00:00\",\"dateModified\":\"2025-12-12T16:16:58+00:00\",\"breadcrumb\":{\"@id\":\"https:\/\/admisiones.ufm.edu\/site\/historia-del-arte-y-gestion-cultural\/#breadcrumb\"},\"inLanguage\":\"es\",\"potentialAction\":[{\"@type\":\"ReadAction\",\"target\":[\"https:\/\/admisiones.ufm.edu\/site\/historia-del-arte-y-gestion-cultural\/\"]}]},{\"@type\":\"BreadcrumbList\",\"@id\":\"https:\/\/admisiones.ufm.edu\/site\/historia-del-arte-y-gestion-cultural\/#breadcrumb\",\"itemListElement\":[{\"@type\":\"ListItem\",\"position\":1,\"name\":\"Home\",\"item\":\"https:\/\/admisiones.ufm.edu\/site\/\"},{\"@type\":\"ListItem\",\"position\":2,\"name\":\"Historia del Arte y Gesti\u00f3n Cultural\"}]},{\"@type\":\"WebSite\",\"@id\":\"https:\/\/admisiones.ufm.edu\/site\/#website\",\"url\":\"https:\/\/admisiones.ufm.edu\/site\/\",\"name\":\"Admisiones\",\"description\":\"Universidad Francisco Marroqu\u00edn\",\"potentialAction\":[{\"@type\":\"SearchAction\",\"target\":{\"@type\":\"EntryPoint\",\"urlTemplate\":\"https:\/\/admisiones.ufm.edu\/site\/?s={search_term_string}\"},\"query-input\":\"required name=search_term_string\"}],\"inLanguage\":\"es\"}]}<\/script>\n<!-- \/ Yoast SEO plugin. -->","yoast_head_json":{"title":"Historia del Arte y Gesti\u00f3n Cultural - Admisiones","robots":{"index":"index","follow":"follow","max-snippet":"max-snippet:-1","max-image-preview":"max-image-preview:large","max-video-preview":"max-video-preview:-1"},"canonical":"https:\/\/admisiones.ufm.edu\/site\/historia-del-arte-y-gestion-cultural\/","og_locale":"es_ES","og_type":"article","og_title":"Historia del Arte y Gesti\u00f3n Cultural - Admisiones","og_description":"Historia del Arte y Gesti\u00f3n Cultural Regresar PROCESO DE ADMISI\u00d3N M\u00c1S INFORMACI\u00d3N Estudiar Historia del Arte y Gesti\u00f3n Cultural te permitir\u00e1 formar parte de un ambiente dise\u00f1ado para interesados en el arte y la historia, y tambi\u00e9n en la disciplina hist\u00f3rico-art\u00edstica. Con una metodolog\u00eda activa, que fomenta la creatividad y el emprendimiento, podr\u00e1s adquirir las&hellip;","og_url":"https:\/\/admisiones.ufm.edu\/site\/historia-del-arte-y-gestion-cultural\/","og_site_name":"Admisiones","article_modified_time":"2025-12-12T16:16:58+00:00","twitter_card":"summary_large_image","schema":{"@context":"https:\/\/schema.org","@graph":[{"@type":"WebPage","@id":"https:\/\/admisiones.ufm.edu\/site\/historia-del-arte-y-gestion-cultural\/","url":"https:\/\/admisiones.ufm.edu\/site\/historia-del-arte-y-gestion-cultural\/","name":"Historia del Arte y Gesti\u00f3n Cultural - Admisiones","isPartOf":{"@id":"https:\/\/admisiones.ufm.edu\/site\/#website"},"datePublished":"2022-10-06T21:41:31+00:00","dateModified":"2025-12-12T16:16:58+00:00","breadcrumb":{"@id":"https:\/\/admisiones.ufm.edu\/site\/historia-del-arte-y-gestion-cultural\/#breadcrumb"},"inLanguage":"es","potentialAction":[{"@type":"ReadAction","target":["https:\/\/admisiones.ufm.edu\/site\/historia-del-arte-y-gestion-cultural\/"]}]},{"@type":"BreadcrumbList","@id":"https:\/\/admisiones.ufm.edu\/site\/historia-del-arte-y-gestion-cultural\/#breadcrumb","itemListElement":[{"@type":"ListItem","position":1,"name":"Home","item":"https:\/\/admisiones.ufm.edu\/site\/"},{"@type":"ListItem","position":2,"name":"Historia del Arte y Gesti\u00f3n Cultural"}]},{"@type":"WebSite","@id":"https:\/\/admisiones.ufm.edu\/site\/#website","url":"https:\/\/admisiones.ufm.edu\/site\/","name":"Admisiones","description":"Universidad Francisco Marroqu\u00edn","potentialAction":[{"@type":"SearchAction","target":{"@type":"EntryPoint","urlTemplate":"https:\/\/admisiones.ufm.edu\/site\/?s={search_term_string}"},"query-input":"required name=search_term_string"}],"inLanguage":"es"}]}},"meta_box":[],"_links":{"self":[{"href":"https:\/\/admisiones.ufm.edu\/site\/wp-json\/wp\/v2\/pages\/445","targetHints":{"allow":["GET"]}}],"collection":[{"href":"https:\/\/admisiones.ufm.edu\/site\/wp-json\/wp\/v2\/pages"}],"about":[{"href":"https:\/\/admisiones.ufm.edu\/site\/wp-json\/wp\/v2\/types\/page"}],"author":[{"embeddable":true,"href":"https:\/\/admisiones.ufm.edu\/site\/wp-json\/wp\/v2\/users\/1"}],"replies":[{"embeddable":true,"href":"https:\/\/admisiones.ufm.edu\/site\/wp-json\/wp\/v2\/comments?post=445"}],"version-history":[{"count":15,"href":"https:\/\/admisiones.ufm.edu\/site\/wp-json\/wp\/v2\/pages\/445\/revisions"}],"predecessor-version":[{"id":4358,"href":"https:\/\/admisiones.ufm.edu\/site\/wp-json\/wp\/v2\/pages\/445\/revisions\/4358"}],"wp:attachment":[{"href":"https:\/\/admisiones.ufm.edu\/site\/wp-json\/wp\/v2\/media?parent=445"}],"curies":[{"name":"wp","href":"https:\/\/api.w.org\/{rel}","templated":true}]}}