{"id":448,"date":"2022-10-06T21:44:12","date_gmt":"2022-10-06T21:44:12","guid":{"rendered":"https:\/\/admisiones.ufm.edu\/site\/?page_id=448"},"modified":"2025-12-08T15:16:45","modified_gmt":"2025-12-08T21:16:45","slug":"arquitectura","status":"publish","type":"page","link":"https:\/\/admisiones.ufm.edu\/site\/arquitectura\/","title":{"rendered":"Arquitectura"},"content":{"rendered":"\n<h2>\n\t\tArquitectura\n\t<\/h2>\n\t\t\t<a href=\"https:\/\/admisiones.ufm.edu\/site\/#carreras\" target=\"_self\" role=\"button\">\n\t\t\t\t\t\t\tRegresar\n\t\t\t\t\t<\/a>\n\t<iframe allowfullscreen allow=\"autoplay\" src=\"https:\/\/www.youtube.com\/embed\/6FOvY4ksaTo?feature=oembed&amp;autoplay=1&amp;start&amp;end&amp;wmode=opaque&amp;loop=0&amp;controls=1&amp;mute=0&amp;rel=0&amp;modestbranding=1\"><\/iframe>\t\n\t\t\t<a href=\"https:\/\/admisiones.ufm.edu\/aplica\/\" target=\"_self\" role=\"button\">\n\t\t\t\t\t\t\tPROCESO DE ADMISI\u00d3N\n\t\t\t\t\t<\/a>\n\t\t\t<a href=\"https:\/\/arquitectura.ufm.edu\/ \" target=\"_blank\" role=\"button\" rel=\"noopener\">\n\t\t\t\t\t\t\tM\u00c1S INFORMACI\u00d3N \n\t\t\t\t\t<\/a>\n\t<p>En Arquitectura te especializar\u00e1s en el dise\u00f1o del espacio y su relaci\u00f3n con el comportamiento humano, combinando la ciencia de la construcci\u00f3n con el arte y la historia.<\/p>\n<p>Adquirir\u00e1s herramientas para fomentar la creatividad, integrando conocimientos t\u00e9cnicos y las estrategias necesarias para poder emprender negocios con \u00e9xito.<\/p>\n<p>Te formar\u00e1s como un profesional visionario, capaz de generar ideas trascendentales e ic\u00f3nicas. Como arquitecto de la UFM, ser\u00e1s un l\u00edder capaz de concebir, ejecutar y administrar proyectos disruptivos para las personas, el contexto urbano contempor\u00e1neo y el del futuro.<\/p>\n<p>Duraci\u00f3n: 5 a\u00f1os<\/p>\n<table  data-tablesaw-minimap>\n\t\t<thead>\n\t\t<tr>\n\t\t\t<th id=\"pp-table-col-1\" scope=\"col\" data-tablesaw-sortable-col>Costo del primer semestre:<\/th><th id=\"pp-table-col-2\" scope=\"col\" data-tablesaw-sortable-col><\/th>\t\t<\/tr>\n\t<\/thead>\n\t\t<tbody>\n\t\t<tr><td>Matr\u00edcula (primer pago)<\/td><td>Q11,205.00<\/td><\/tr><tr><td>Mensualidad\u00a0 \u00a0<\/td><td>Q8,964.00<\/td><\/tr><tr><td>Total del semestre<\/td><td>Q56,025.00<\/td><\/tr>\t<\/tbody>\n<\/table>\n\t<p><i><strong>*Sujeto a cambios.<\/strong> Puede variar dependiendo de la cantidad de cursos asignados.<\/i><\/p>\n\n","protected":false},"excerpt":{"rendered":"<p>Arquitectura Regresar PROCESO DE ADMISI\u00d3N M\u00c1S INFORMACI\u00d3N En Arquitectura te especializar\u00e1s en el dise\u00f1o del espacio y su relaci\u00f3n con el comportamiento humano, combinando la ciencia de la construcci\u00f3n con el arte y la historia. Adquirir\u00e1s herramientas para fomentar la creatividad, integrando conocimientos t\u00e9cnicos y las estrategias necesarias para poder emprender negocios con \u00e9xito. Te&hellip;<\/p>\n","protected":false},"author":1,"featured_media":0,"parent":0,"menu_order":0,"comment_status":"closed","ping_status":"closed","template":"","meta":{"footnotes":""},"class_list":["post-448","page","type-page","status-publish","hentry"],"yoast_head":"<!-- This site is optimized with the Yoast SEO plugin v19.11 - https:\/\/yoast.com\/wordpress\/plugins\/seo\/ -->\n<title>Arquitectura - Admisiones<\/title>\n<meta name=\"robots\" content=\"index, follow, max-snippet:-1, max-image-preview:large, max-video-preview:-1\" \/>\n<link rel=\"canonical\" href=\"https:\/\/admisiones.ufm.edu\/site\/arquitectura\/\" \/>\n<meta property=\"og:locale\" content=\"es_ES\" \/>\n<meta property=\"og:type\" content=\"article\" \/>\n<meta property=\"og:title\" content=\"Arquitectura - Admisiones\" \/>\n<meta property=\"og:description\" content=\"Arquitectura Regresar PROCESO DE ADMISI\u00d3N M\u00c1S INFORMACI\u00d3N En Arquitectura te especializar\u00e1s en el dise\u00f1o del espacio y su relaci\u00f3n con el comportamiento humano, combinando la ciencia de la construcci\u00f3n con el arte y la historia. Adquirir\u00e1s herramientas para fomentar la creatividad, integrando conocimientos t\u00e9cnicos y las estrategias necesarias para poder emprender negocios con \u00e9xito. Te&hellip;\" \/>\n<meta property=\"og:url\" content=\"https:\/\/admisiones.ufm.edu\/site\/arquitectura\/\" \/>\n<meta property=\"og:site_name\" content=\"Admisiones\" \/>\n<meta property=\"article:modified_time\" content=\"2025-12-08T21:16:45+00:00\" \/>\n<meta name=\"twitter:card\" content=\"summary_large_image\" \/>\n<meta name=\"twitter:label1\" content=\"Tiempo de lectura\" \/>\n\t<meta name=\"twitter:data1\" content=\"1 minuto\" \/>\n<script type=\"application\/ld+json\" class=\"yoast-schema-graph\">{\"@context\":\"https:\/\/schema.org\",\"@graph\":[{\"@type\":\"WebPage\",\"@id\":\"https:\/\/admisiones.ufm.edu\/site\/arquitectura\/\",\"url\":\"https:\/\/admisiones.ufm.edu\/site\/arquitectura\/\",\"name\":\"Arquitectura - Admisiones\",\"isPartOf\":{\"@id\":\"https:\/\/admisiones.ufm.edu\/site\/#website\"},\"datePublished\":\"2022-10-06T21:44:12+00:00\",\"dateModified\":\"2025-12-08T21:16:45+00:00\",\"breadcrumb\":{\"@id\":\"https:\/\/admisiones.ufm.edu\/site\/arquitectura\/#breadcrumb\"},\"inLanguage\":\"es\",\"potentialAction\":[{\"@type\":\"ReadAction\",\"target\":[\"https:\/\/admisiones.ufm.edu\/site\/arquitectura\/\"]}]},{\"@type\":\"BreadcrumbList\",\"@id\":\"https:\/\/admisiones.ufm.edu\/site\/arquitectura\/#breadcrumb\",\"itemListElement\":[{\"@type\":\"ListItem\",\"position\":1,\"name\":\"Home\",\"item\":\"https:\/\/admisiones.ufm.edu\/site\/\"},{\"@type\":\"ListItem\",\"position\":2,\"name\":\"Arquitectura\"}]},{\"@type\":\"WebSite\",\"@id\":\"https:\/\/admisiones.ufm.edu\/site\/#website\",\"url\":\"https:\/\/admisiones.ufm.edu\/site\/\",\"name\":\"Admisiones\",\"description\":\"Universidad Francisco Marroqu\u00edn\",\"potentialAction\":[{\"@type\":\"SearchAction\",\"target\":{\"@type\":\"EntryPoint\",\"urlTemplate\":\"https:\/\/admisiones.ufm.edu\/site\/?s={search_term_string}\"},\"query-input\":\"required name=search_term_string\"}],\"inLanguage\":\"es\"}]}<\/script>\n<!-- \/ Yoast SEO plugin. -->","yoast_head_json":{"title":"Arquitectura - Admisiones","robots":{"index":"index","follow":"follow","max-snippet":"max-snippet:-1","max-image-preview":"max-image-preview:large","max-video-preview":"max-video-preview:-1"},"canonical":"https:\/\/admisiones.ufm.edu\/site\/arquitectura\/","og_locale":"es_ES","og_type":"article","og_title":"Arquitectura - Admisiones","og_description":"Arquitectura Regresar PROCESO DE ADMISI\u00d3N M\u00c1S INFORMACI\u00d3N En Arquitectura te especializar\u00e1s en el dise\u00f1o del espacio y su relaci\u00f3n con el comportamiento humano, combinando la ciencia de la construcci\u00f3n con el arte y la historia. Adquirir\u00e1s herramientas para fomentar la creatividad, integrando conocimientos t\u00e9cnicos y las estrategias necesarias para poder emprender negocios con \u00e9xito. Te&hellip;","og_url":"https:\/\/admisiones.ufm.edu\/site\/arquitectura\/","og_site_name":"Admisiones","article_modified_time":"2025-12-08T21:16:45+00:00","twitter_card":"summary_large_image","twitter_misc":{"Tiempo de lectura":"1 minuto"},"schema":{"@context":"https:\/\/schema.org","@graph":[{"@type":"WebPage","@id":"https:\/\/admisiones.ufm.edu\/site\/arquitectura\/","url":"https:\/\/admisiones.ufm.edu\/site\/arquitectura\/","name":"Arquitectura - Admisiones","isPartOf":{"@id":"https:\/\/admisiones.ufm.edu\/site\/#website"},"datePublished":"2022-10-06T21:44:12+00:00","dateModified":"2025-12-08T21:16:45+00:00","breadcrumb":{"@id":"https:\/\/admisiones.ufm.edu\/site\/arquitectura\/#breadcrumb"},"inLanguage":"es","potentialAction":[{"@type":"ReadAction","target":["https:\/\/admisiones.ufm.edu\/site\/arquitectura\/"]}]},{"@type":"BreadcrumbList","@id":"https:\/\/admisiones.ufm.edu\/site\/arquitectura\/#breadcrumb","itemListElement":[{"@type":"ListItem","position":1,"name":"Home","item":"https:\/\/admisiones.ufm.edu\/site\/"},{"@type":"ListItem","position":2,"name":"Arquitectura"}]},{"@type":"WebSite","@id":"https:\/\/admisiones.ufm.edu\/site\/#website","url":"https:\/\/admisiones.ufm.edu\/site\/","name":"Admisiones","description":"Universidad Francisco Marroqu\u00edn","potentialAction":[{"@type":"SearchAction","target":{"@type":"EntryPoint","urlTemplate":"https:\/\/admisiones.ufm.edu\/site\/?s={search_term_string}"},"query-input":"required name=search_term_string"}],"inLanguage":"es"}]}},"meta_box":[],"_links":{"self":[{"href":"https:\/\/admisiones.ufm.edu\/site\/wp-json\/wp\/v2\/pages\/448","targetHints":{"allow":["GET"]}}],"collection":[{"href":"https:\/\/admisiones.ufm.edu\/site\/wp-json\/wp\/v2\/pages"}],"about":[{"href":"https:\/\/admisiones.ufm.edu\/site\/wp-json\/wp\/v2\/types\/page"}],"author":[{"embeddable":true,"href":"https:\/\/admisiones.ufm.edu\/site\/wp-json\/wp\/v2\/users\/1"}],"replies":[{"embeddable":true,"href":"https:\/\/admisiones.ufm.edu\/site\/wp-json\/wp\/v2\/comments?post=448"}],"version-history":[{"count":15,"href":"https:\/\/admisiones.ufm.edu\/site\/wp-json\/wp\/v2\/pages\/448\/revisions"}],"predecessor-version":[{"id":4332,"href":"https:\/\/admisiones.ufm.edu\/site\/wp-json\/wp\/v2\/pages\/448\/revisions\/4332"}],"wp:attachment":[{"href":"https:\/\/admisiones.ufm.edu\/site\/wp-json\/wp\/v2\/media?parent=448"}],"curies":[{"name":"wp","href":"https:\/\/api.w.org\/{rel}","templated":true}]}}

<h2>
		Arquitectura
	</h2>
			<a href="https://admisiones.ufm.edu/site/#carreras" target="_self" role="button">
							Regresar
					</a>
	<iframe allowfullscreen allow="autoplay" src="https://www.youtube.com/embed/6FOvY4ksaTo?feature=oembed&amp;autoplay=1&amp;start&amp;end&amp;wmode=opaque&amp;loop=0&amp;controls=1&amp;mute=0&amp;rel=0&amp;modestbranding=1"></iframe>	
			<a href="https://admisiones.ufm.edu/aplica/" target="_self" role="button">
							PROCESO DE ADMISIÓN
					</a>
			<a href="https://arquitectura.ufm.edu/ " target="_blank" role="button" rel="noopener">
							MÁS INFORMACIÓN 
					</a>
	<p>En Arquitectura te especializarás en el diseño del espacio y su relación con el comportamiento humano, combinando la ciencia de la construcción con el arte y la historia.</p>
<p>Adquirirás herramientas para fomentar la creatividad, integrando conocimientos técnicos y las estrategias necesarias para poder emprender negocios con éxito.</p>
<p>Te formarás como un profesional visionario, capaz de generar ideas trascendentales e icónicas. Como arquitecto de la UFM, serás un líder capaz de concebir, ejecutar y administrar proyectos disruptivos para las personas, el contexto urbano contemporáneo y el del futuro.</p>
<p>Duración: 5 años</p>
<table  data-tablesaw-minimap>
		<thead>
		<tr>
			<th id="pp-table-col-1" scope="col" data-tablesaw-sortable-col>Costo del primer semestre:</th><th id="pp-table-col-2" scope="col" data-tablesaw-sortable-col></th>		</tr>
	</thead>
		<tbody>
		<tr><td>Matrícula (primer pago)</td><td>Q11,205.00</td></tr><tr><td>Mensualidad   </td><td>Q8,964.00</td></tr><tr><td>Total del semestre</td><td>Q56,025.00</td></tr>	</tbody>
</table>
	<p><i><strong>*Sujeto a cambios.</strong> Puede variar dependiendo de la cantidad de cursos asignados.</i></p>

<p>Arquitectura Regresar PROCESO DE ADMISIÓN MÁS INFORMACIÓN En Arquitectura te especializarás en el diseño del espacio y su relación con el comportamiento humano, combinando la ciencia de la construcción con el arte y la historia. Adquirirás herramientas para fomentar la creatividad, integrando conocimientos técnicos y las estrategias necesarias para poder emprender negocios con éxito. Te&hellip;</p>

<!-- This site is optimized with the Yoast SEO plugin v19.11 - https://yoast.com/wordpress/plugins/seo/ -->
<title>Arquitectura - Admisiones</title>
<meta name="robots" content="index, follow, max-snippet:-1, max-image-preview:large, max-video-preview:-1" />
<link rel="canonical" href="https://admisiones.ufm.edu/site/arquitectura/" />
<meta property="og:locale" content="es_ES" />
<meta property="og:type" content="article" />
<meta property="og:title" content="Arquitectura - Admisiones" />
<meta property="og:description" content="Arquitectura Regresar PROCESO DE ADMISIÓN MÁS INFORMACIÓN En Arquitectura te especializarás en el diseño del espacio y su relación con el comportamiento humano, combinando la ciencia de la construcción con el arte y la historia. Adquirirás herramientas para fomentar la creatividad, integrando conocimientos técnicos y las estrategias necesarias para poder emprender negocios con éxito. Te&hellip;" />
<meta property="og:url" content="https://admisiones.ufm.edu/site/arquitectura/" />
<meta property="og:site_name" content="Admisiones" />
<meta property="article:modified_time" content="2025-12-08T21:16:45+00:00" />
<meta name="twitter:card" content="summary_large_image" />
<meta name="twitter:label1" content="Tiempo de lectura" />
	<meta name="twitter:data1" content="1 minuto" />
<script type="application/ld+json" class="yoast-schema-graph">{"@context":"https://schema.org","@graph":[{"@type":"WebPage","@id":"https://admisiones.ufm.edu/site/arquitectura/","url":"https://admisiones.ufm.edu/site/arquitectura/","name":"Arquitectura - Admisiones","isPartOf":{"@id":"https://admisiones.ufm.edu/site/#website"},"datePublished":"2022-10-06T21:44:12+00:00","dateModified":"2025-12-08T21:16:45+00:00","breadcrumb":{"@id":"https://admisiones.ufm.edu/site/arquitectura/#breadcrumb"},"inLanguage":"es","potentialAction":[{"@type":"ReadAction","target":["https://admisiones.ufm.edu/site/arquitectura/"]}]},{"@type":"BreadcrumbList","@id":"https://admisiones.ufm.edu/site/arquitectura/#breadcrumb","itemListElement":[{"@type":"ListItem","position":1,"name":"Home","item":"https://admisiones.ufm.edu/site/"},{"@type":"ListItem","position":2,"name":"Arquitectura"}]},{"@type":"WebSite","@id":"https://admisiones.ufm.edu/site/#website","url":"https://admisiones.ufm.edu/site/","name":"Admisiones","description":"Universidad Francisco Marroquín","potentialAction":[{"@type":"SearchAction","target":{"@type":"EntryPoint","urlTemplate":"https://admisiones.ufm.edu/site/?s={search_term_string}"},"query-input":"required name=search_term_string"}],"inLanguage":"es"}]}</script>
<!-- / Yoast SEO plugin. -->

Arquitectura Regresar PROCESO DE ADMISIÓN MÁS INFORMACIÓN En Arquitectura te especializarás en el diseño del espacio y su relación con el comportamiento humano, combinando la ciencia de la construcción con el arte y la historia. Adquirirás herramientas para fomentar la creatividad, integrando conocimientos técnicos y las estrategias necesarias para poder emprender negocios con éxito. Te&hellip;

Universidad Francisco Marroquín
